{"id":98,"date":"2019-05-23T12:04:16","date_gmt":"2019-05-23T10:04:16","guid":{"rendered":"http:\/\/newsite.dgkinstal.com.pl\/?page_id=98"},"modified":"2020-04-17T14:06:47","modified_gmt":"2020-04-17T12:06:47","slug":"pomiary-elektryczne","status":"publish","type":"page","link":"https:\/\/dgkinstal.com.pl\/index.php\/oferowane-uslugi\/pomiary-elektryczne\/","title":{"rendered":"Instalacje elektryczne"},"content":{"rendered":"<div class=\"row page-introduction\">\r\n\t\t<div class=\"col-12 col-md-6 header-parent\">\r\n\t\t\t<div class=\"col-12 col-md-6 offset-md-6 introduction-title\">\r\n\t\t\t\tInstalacje elektryczne\r\n\t\t\t<\/div>\r\n\t\t<\/div>\r\n\t\t<div class=\"col-12 col-md-6 text-parent\">\r\n\t\t\t<div class=\"col-12 introduction-text\">\r\n\t\t\t\tSpecjalizujemy si\u0119 w kompleksowej obs\u0142udze sieci elektrycznych wysokiego i niskiego napi\u0119cia z uwzgl\u0119dnieniem jej emisyjno\u015bci termicznej. Nasze pomiary daj\u0105 gwarancj\u0119 dobrej charakterystyki pracy zastosowanych urz\u0105dze\u0144 oraz pozwalaj\u0105 zniwelowa\u0107 miejsca o szczeg\u00f3lnej wra\u017cliwo\u015bci. Proponujemy fachowe doradztwo w zakresie projektu, instalacji, utrzymania i serwisowania instalacji elektrycznych.\r\n\t\t\t<\/div>\r\n\t\t<\/div>\r\n\t<\/div>\n\n\n<div class=\"header-kml\"><span>W ramach us\u0142ugi proponujemy<\/span><\/div>\n\n\n<p><div class=\"row\"><br \/>\n<div class=\"col-12 col-sm-6 col-md-4\">\r\n\t\t<div class=\"uslugi-box-kml smaller-box\">\r\n\t\t\t<div class=\"box-header\">Projekty <span>instalacji <span>elektrycznej <\/span><\/span><\/div>\r\n\t\t\t<div class=\"box-subheader\">Profesjonalne projekty instalacji<\/div>\r\n\t\t\t<div class=\"box-content\">z u\u017cyciem nowoczesnego oprogramowania &#8211; EPlan.<\/div>\r\n\t\t<\/div>\r\n\t<\/div><br \/>\n<div class=\"col-12 col-sm-6 col-md-4\">\r\n\t\t<div class=\"uslugi-box-kml smaller-box\">\r\n\t\t\t<div class=\"box-header\">Audyty <span>energetyczne <\/span><\/span><\/div>\r\n\t\t\t<div class=\"box-subheader\">Konsultacja bie\u017c\u0105cych i przysz\u0142ych projekt\u00f3w<\/div>\r\n\t\t\t<div class=\"box-content\">Propozycje rozwi\u0105za\u0144, optymalizacji koszt\u00f3w itp.<\/div>\r\n\t\t<\/div>\r\n\t<\/div><br \/>\n<div class=\"col-12 col-sm-6 col-md-4\">\r\n\t\t<div class=\"uslugi-box-kml smaller-box\">\r\n\t\t\t<div class=\"box-header\">Modernizacje <span>instalacji <\/span><\/span><\/div>\r\n\t\t\t<div class=\"box-subheader\">Wymiana przewod\u00f3w, okablowania, przy\u0142\u0105czy, rozdzielni, urz\u0105dze\u0144 elektrycznych itp.<\/div>\r\n\t\t\t<div class=\"box-content\"><\/div>\r\n\t\t<\/div>\r\n\t<\/div><br \/>\n<\/div><br \/>\n<div class=\"row\"><br \/>\n<div class=\"col-12 col-sm-6 col-md-4\">\r\n\t\t<div class=\"uslugi-box-kml smaller-box\">\r\n\t\t\t<div class=\"box-header\">Pomiary <span>pirometryczne i <span>termowizyjne <\/span><\/span><\/div>\r\n\t\t\t<div class=\"box-subheader\">Szacownie poprawno\u015bci instalacji poprzez zastosowanie czujnik\u00f3w termicznych i kamer.<\/div>\r\n\t\t\t<div class=\"box-content\">Ustalanie newralgicznych punkt\u00f3w instalacji.<\/div>\r\n\t\t<\/div>\r\n\t<\/div><br \/>\n<div class=\"col-12 col-sm-6 col-md-4\">\r\n\t\t<div class=\"uslugi-box-kml smaller-box\">\r\n\t\t\t<div class=\"box-header\">Pomiary <span>dopuszczeniowe <\/span><\/span><\/div>\r\n\t\t\t<div class=\"box-subheader\">Dopuszczenie do u\u017cytku maszyn i urz\u0105dze\u0144,<\/div>\r\n\t\t\t<div class=\"box-content\">certyfikacja dopuszczeniowa, dokumentacja itp.<\/div>\r\n\t\t<\/div>\r\n\t<\/div><br \/>\n<div class=\"col-12 col-sm-6 col-md-4\">\r\n\t\t<div class=\"uslugi-box-kml smaller-box\">\r\n\t\t\t<div class=\"box-header\">Przegl\u0105dy <span>okresowe <span>instalacji <\/span><\/span><\/div>\r\n\t\t\t<div class=\"box-subheader\">Atestowanie instalacji do u\u017cytku, przegl\u0105dy sprawno\u015bci, bie\u017c\u0105ca kontrola warto\u015bci pomiarowych.<\/div>\r\n\t\t\t<div class=\"box-content\"><\/div>\r\n\t\t<\/div>\r\n\t<\/div><br \/>\n<\/div><br \/>\n<div class=\"row\"><br \/>\n<div class=\"col-12 col-sm-6 col-md-4\">\r\n\t\t<div class=\"uslugi-box-kml smaller-box\">\r\n\t\t\t<div class=\"box-header\">Pomiary <span>skuteczno\u015bci <span>ochrony <span>przeciwprzepi\u0119ciowej <\/span><\/span><\/div>\r\n\t\t\t<div class=\"box-subheader\">Pomiary skuteczno\u015bci zerowania, pomiary impendencji p\u0119tli zwarcia.<\/div>\r\n\t\t\t<div class=\"box-content\"><\/div>\r\n\t\t<\/div>\r\n\t<\/div><br \/>\n<div class=\"col-12 col-sm-6 col-md-4\">\r\n\t\t<div class=\"uslugi-box-kml smaller-box\">\r\n\t\t\t<div class=\"box-header\">Pomiary <span>rezystancji <span>izolacji <\/span><\/span><\/div>\r\n\t\t\t<div class=\"box-subheader\">Pomiary dla obwod\u00f3w I, II i III fazowych.<\/div>\r\n\t\t\t<div class=\"box-content\"><\/div>\r\n\t\t<\/div>\r\n\t<\/div><br \/>\n<div class=\"col-12 col-sm-6 col-md-4\">\r\n\t\t<div class=\"uslugi-box-kml smaller-box\">\r\n\t\t\t<div class=\"box-header\">Pomiary <span>wy\u0142\u0105cznik\u00f3w <span>r\u00f3\u017cnicowopr\u0105dowych <\/span><\/span><\/div>\r\n\t\t\t<div class=\"box-subheader\">Pomiary rezystancji uziom\u00f3w instalacji odgromowej, ogl\u0119dziny instalacji.<\/div>\r\n\t\t\t<div class=\"box-content\"><\/div>\r\n\t\t<\/div>\r\n\t<\/div><br \/>\n<\/div><\/p>\n\n\n<div class=\"tryptyk row pl_PL\">\r\n\t\t<div class=\"col-12 col-md-4\">\r\n\t\t\t<div class=\"t-box\">\r\n\t\t\t\t<img src=\"\/wp-content\/themes\/newsite\/images\/t1.png\" \/>\r\n\t\t\t\t<div class=\"t-header\">Terminowo<\/div>\r\n\t\t\t\t<div class=\"t-content\">Pracujemy wg. Rygorystycznych re\u017cim\u00f3w czasowych, daj\u0105c Ci gwarancj\u0119 szybkiej i realizacji powierzonych zlece\u0144.<\/div>\r\n\t\t\t<\/div>\r\n\t\t<\/div>\r\n\t\t<div class=\"col-12 col-md-4\">\r\n\t\t\t<div class=\"t-box\">\r\n\t\t\t\t<img src=\"\/wp-content\/themes\/newsite\/images\/t2.png\" \/>\r\n\t\t\t\t<div class=\"t-header\">Bezpiecznie<\/div>\r\n\t\t\t\t<div class=\"t-content\">Atestowany sprz\u0119t, nowoczesne rozwi\u0105zania i wa\u017cna polisa OC w ramach zleconej pracy to dla nas standard!<\/div>\r\n\t\t\t<\/div>\r\n\t\t<\/div>\r\n\t\t<div class=\"col-12 col-md-4\">\r\n\t\t\t<div class=\"t-box\">\r\n\t\t\t\t<img src=\"\/wp-content\/themes\/newsite\/images\/t3.png\" \/>\r\n\t\t\t\t<div class=\"t-header\">Profesjonalnie<\/div>\r\n\t\t\t\t<div class=\"t-content\">Sprawdzone rozwi\u0105zania, wieloletnie do\u015bwiadczenie i nowoczesne podej\u015bcie do realizacji projekt\u00f3w.<\/div>\r\n\t\t\t<\/div>\r\n\t\t<\/div>\r\n\t<\/div>\n\n\n\n<div style=\"height:40px\" aria-hidden=\"true\" class=\"wp-block-spacer\"><\/div>\n\n\n\n<p class=\"has-medium-font-size\">Posiadamy niezb\u0119dne uprawnienia (SEP) do prac przy niskim i wysokim napi\u0119ciu.<\/p>\n\n\n\n<p class=\"has-medium-font-size\">Zajmujemy si\u0119 projektowaniem, wykonawstwem i serwisowaniem wszelkich uk\u0142ad\u00f3w elektrycznych w przemy\u015ble. Prowadzimy odpowiednio dostosowane drogi kablowe, dobieramy odpowiedni osprz\u0119t elektryczny, projektujemy i instalujemy rozdzielnie elektryczne oraz wszelkiego rodzaju zabezpieczenia pr\u0105dowe, daj\u0105c gwarancj\u0119 w\u0142a\u015bciwego wykonania prac zgodnie ze sztuk\u0105. <\/p>\n\n\n\n<p class=\"has-medium-font-size\">Wyposa\u017ceni w sprz\u0119t pirometryczny\ni termowizyjny firmy Sonel prezentujemy Ci obrazowo, na co nale\u017cy zwr\u00f3ci\u0107\nuwag\u0119, kt\u00f3re ze sprz\u0119t\u00f3w pracuj\u0105 w niew\u0142a\u015bciwych zmiennych \u015brodowiskowych.\nDzi\u0119ki&nbsp; naszej analizie mo\u017cemy r\u00f3wnie\u017c\nzmniejszy\u0107 zapotrzebowanie energetyczne Twojego przedsi\u0119biorstwa, wykazuj\u0105c\nmiejsca utraty ciep\u0142a, nieszczelno\u015bci nie tylko posiadanych instalacji, ale\ntak\u017ce ca\u0142ych obiekt\u00f3w. <\/p>\n\n\n<div class=\"header-kml\"><span>Jak pracujemy przy instalacjach?<\/span><\/div>\n\n\n<div class=\"gallery-kml\">\r\n\t\t<a id=\"gallery\">&nbsp;<\/a><div class=\"row\"><a href=\"https:\/\/dgkinstal.com.pl\/wp-content\/uploads\/2020\/06\/IMG_3793.jpg\" title=\"01 Instalacje elektryczne IMG_3793\" class=\"lightbox-kml\"><div class=\"normal\" style=\"background-image:url('\/wp-content\/themes\/newsite\/timthumb.php?src=https:\/\/dgkinstal.com.pl\/wp-content\/uploads\/2020\/06\/IMG_3793.jpg&h=400&f=2');\"><\/div><div class=\"hovered\" style=\"background-image:url('\/wp-content\/themes\/newsite\/timthumb.php?src=https:\/\/dgkinstal.com.pl\/wp-content\/uploads\/2020\/06\/IMG_3793.jpg&h=400');\"><\/div><\/a><a href=\"https:\/\/dgkinstal.com.pl\/wp-content\/uploads\/2020\/04\/Elektryka-i-termowizja-IMG_20190509_124717.jpg\" title=\"Elektryka i termowizja IMG_20190509_124717\" class=\"lightbox-kml\"><div class=\"normal\" style=\"background-image:url('\/wp-content\/themes\/newsite\/timthumb.php?src=https:\/\/dgkinstal.com.pl\/wp-content\/uploads\/2020\/04\/Elektryka-i-termowizja-IMG_20190509_124717.jpg&h=400&f=2');\"><\/div><div class=\"hovered\" style=\"background-image:url('\/wp-content\/themes\/newsite\/timthumb.php?src=https:\/\/dgkinstal.com.pl\/wp-content\/uploads\/2020\/04\/Elektryka-i-termowizja-IMG_20190509_124717.jpg&h=400');\"><\/div><\/a><a href=\"https:\/\/dgkinstal.com.pl\/wp-content\/uploads\/2020\/04\/IMG_3159.jpeg\" title=\"IMG_3159\" class=\"lightbox-kml\"><div class=\"normal\" style=\"background-image:url('\/wp-content\/themes\/newsite\/timthumb.php?src=https:\/\/dgkinstal.com.pl\/wp-content\/uploads\/2020\/04\/IMG_3159.jpeg&h=400&f=2');\"><\/div><div class=\"hovered\" style=\"background-image:url('\/wp-content\/themes\/newsite\/timthumb.php?src=https:\/\/dgkinstal.com.pl\/wp-content\/uploads\/2020\/04\/IMG_3159.jpeg&h=400');\"><\/div><\/a><a href=\"https:\/\/dgkinstal.com.pl\/wp-content\/uploads\/2020\/04\/IMG_3165.jpeg\" title=\"IMG_3165\" class=\"lightbox-kml\"><div class=\"normal\" style=\"background-image:url('\/wp-content\/themes\/newsite\/timthumb.php?src=https:\/\/dgkinstal.com.pl\/wp-content\/uploads\/2020\/04\/IMG_3165.jpeg&h=400&f=2');\"><\/div><div class=\"hovered\" style=\"background-image:url('\/wp-content\/themes\/newsite\/timthumb.php?src=https:\/\/dgkinstal.com.pl\/wp-content\/uploads\/2020\/04\/IMG_3165.jpeg&h=400');\"><\/div><\/a><\/div><div class=\"row\"><a href=\"https:\/\/dgkinstal.com.pl\/wp-content\/uploads\/2020\/06\/IMG_3788.jpg\" title=\"IMG_3788\" class=\"lightbox-kml\"><div class=\"normal\" style=\"background-image:url('\/wp-content\/themes\/newsite\/timthumb.php?src=https:\/\/dgkinstal.com.pl\/wp-content\/uploads\/2020\/06\/IMG_3788.jpg&h=400&f=2');\"><\/div><div class=\"hovered\" style=\"background-image:url('\/wp-content\/themes\/newsite\/timthumb.php?src=https:\/\/dgkinstal.com.pl\/wp-content\/uploads\/2020\/06\/IMG_3788.jpg&h=400');\"><\/div><\/a><a href=\"https:\/\/dgkinstal.com.pl\/wp-content\/uploads\/2020\/06\/IMG_3791.jpg\" title=\"IMG_3791\" class=\"lightbox-kml\"><div class=\"normal\" style=\"background-image:url('\/wp-content\/themes\/newsite\/timthumb.php?src=https:\/\/dgkinstal.com.pl\/wp-content\/uploads\/2020\/06\/IMG_3791.jpg&h=400&f=2');\"><\/div><div class=\"hovered\" style=\"background-image:url('\/wp-content\/themes\/newsite\/timthumb.php?src=https:\/\/dgkinstal.com.pl\/wp-content\/uploads\/2020\/06\/IMG_3791.jpg&h=400');\"><\/div><\/a><a href=\"https:\/\/dgkinstal.com.pl\/wp-content\/uploads\/2020\/06\/IMG_3792.jpg\" title=\"IMG_3792\" class=\"lightbox-kml\"><div class=\"normal\" style=\"background-image:url('\/wp-content\/themes\/newsite\/timthumb.php?src=https:\/\/dgkinstal.com.pl\/wp-content\/uploads\/2020\/06\/IMG_3792.jpg&h=400&f=2');\"><\/div><div class=\"hovered\" style=\"background-image:url('\/wp-content\/themes\/newsite\/timthumb.php?src=https:\/\/dgkinstal.com.pl\/wp-content\/uploads\/2020\/06\/IMG_3792.jpg&h=400');\"><\/div><\/a><a href=\"https:\/\/dgkinstal.com.pl\/wp-content\/uploads\/2020\/06\/IMG_3794.jpg\" title=\"IMG_3794\" class=\"lightbox-kml\"><div class=\"normal\" style=\"background-image:url('\/wp-content\/themes\/newsite\/timthumb.php?src=https:\/\/dgkinstal.com.pl\/wp-content\/uploads\/2020\/06\/IMG_3794.jpg&h=400&f=2');\"><\/div><div class=\"hovered\" style=\"background-image:url('\/wp-content\/themes\/newsite\/timthumb.php?src=https:\/\/dgkinstal.com.pl\/wp-content\/uploads\/2020\/06\/IMG_3794.jpg&h=400');\"><\/div><\/a><\/div>\r\n\t\t\t\t\t\t<div class=\"row\">\r\n\t\t\t\t\t\t\t<a  href=\"\" class=\"show-more-gallery button-kml\">Poka\u017c wi\u0119cej<\/a>\r\n\t\t\t\t\t\t<\/div>\r\n\t\t\t\t\t<div class=\"row gallery-row hide-me\"><a href=\"https:\/\/dgkinstal.com.pl\/wp-content\/uploads\/2020\/06\/IMG_3795.jpg\" title=\"IMG_3795\" class=\"lightbox-kml\"><div class=\"normal\" style=\"background-image:url('\/wp-content\/themes\/newsite\/timthumb.php?src=https:\/\/dgkinstal.com.pl\/wp-content\/uploads\/2020\/06\/IMG_3795.jpg&h=400&f=2');\"><\/div><div class=\"hovered\" style=\"background-image:url('\/wp-content\/themes\/newsite\/timthumb.php?src=https:\/\/dgkinstal.com.pl\/wp-content\/uploads\/2020\/06\/IMG_3795.jpg&h=400');\"><\/div><\/a><a href=\"https:\/\/dgkinstal.com.pl\/wp-content\/uploads\/2020\/06\/IMG_3796.jpg\" title=\"IMG_3796\" class=\"lightbox-kml\"><div class=\"normal\" style=\"background-image:url('\/wp-content\/themes\/newsite\/timthumb.php?src=https:\/\/dgkinstal.com.pl\/wp-content\/uploads\/2020\/06\/IMG_3796.jpg&h=400&f=2');\"><\/div><div class=\"hovered\" style=\"background-image:url('\/wp-content\/themes\/newsite\/timthumb.php?src=https:\/\/dgkinstal.com.pl\/wp-content\/uploads\/2020\/06\/IMG_3796.jpg&h=400');\"><\/div><\/a><a href=\"https:\/\/dgkinstal.com.pl\/wp-content\/uploads\/2020\/04\/Instalacje-i-pomiary-elektryczne-IMG_3496.jpg\" title=\"Instalacje i pomiary elektryczne IMG_3496\" class=\"lightbox-kml\"><div class=\"normal\" style=\"background-image:url('\/wp-content\/themes\/newsite\/timthumb.php?src=https:\/\/dgkinstal.com.pl\/wp-content\/uploads\/2020\/04\/Instalacje-i-pomiary-elektryczne-IMG_3496.jpg&h=400&f=2');\"><\/div><div class=\"hovered\" style=\"background-image:url('\/wp-content\/themes\/newsite\/timthumb.php?src=https:\/\/dgkinstal.com.pl\/wp-content\/uploads\/2020\/04\/Instalacje-i-pomiary-elektryczne-IMG_3496.jpg&h=400');\"><\/div><\/a><a href=\"https:\/\/dgkinstal.com.pl\/wp-content\/uploads\/2020\/04\/prace-elektryczne-2@05x.jpg\" title=\"prace elektryczne 2@0,5x\" class=\"lightbox-kml\"><div class=\"normal\" style=\"background-image:url('\/wp-content\/themes\/newsite\/timthumb.php?src=https:\/\/dgkinstal.com.pl\/wp-content\/uploads\/2020\/04\/prace-elektryczne-2@05x.jpg&h=400&f=2');\"><\/div><div class=\"hovered\" style=\"background-image:url('\/wp-content\/themes\/newsite\/timthumb.php?src=https:\/\/dgkinstal.com.pl\/wp-content\/uploads\/2020\/04\/prace-elektryczne-2@05x.jpg&h=400');\"><\/div><\/a><\/div><div class=\"row gallery-row hide-me\"><a href=\"https:\/\/dgkinstal.com.pl\/wp-content\/uploads\/2020\/04\/prace-elektryczne-3@05x.jpg\" title=\"prace elektryczne 3@0,5x\" class=\"lightbox-kml\"><div class=\"normal\" style=\"background-image:url('\/wp-content\/themes\/newsite\/timthumb.php?src=https:\/\/dgkinstal.com.pl\/wp-content\/uploads\/2020\/04\/prace-elektryczne-3@05x.jpg&h=400&f=2');\"><\/div><div class=\"hovered\" style=\"background-image:url('\/wp-content\/themes\/newsite\/timthumb.php?src=https:\/\/dgkinstal.com.pl\/wp-content\/uploads\/2020\/04\/prace-elektryczne-3@05x.jpg&h=400');\"><\/div><\/a><a href=\"https:\/\/dgkinstal.com.pl\/wp-content\/uploads\/2020\/04\/prace-elektryuczne@05x.jpg\" title=\"prace elektryuczne@0,5x\" class=\"lightbox-kml\"><div class=\"normal\" style=\"background-image:url('\/wp-content\/themes\/newsite\/timthumb.php?src=https:\/\/dgkinstal.com.pl\/wp-content\/uploads\/2020\/04\/prace-elektryuczne@05x.jpg&h=400&f=2');\"><\/div><div class=\"hovered\" style=\"background-image:url('\/wp-content\/themes\/newsite\/timthumb.php?src=https:\/\/dgkinstal.com.pl\/wp-content\/uploads\/2020\/04\/prace-elektryuczne@05x.jpg&h=400');\"><\/div><\/a><\/div><\/div>\r\n\t\t<div class=\"row\">\r\n\t\t\t<div class=\"col-6 col-md-4 \"><a href=\"https:\/\/dgkinstal.com.pl\/?post_type=page&p=94#gallery\" class=\"button-kml\">Galeria: Obr\u00f3bka CNC<\/a><\/div>\r\n\t\t\t<div class=\"col-6 col-md-4 offset-md-4\"><a href=\"https:\/\/dgkinstal.com.pl\/?post_type=page&p=109#gallery\" class=\"button-kml\">Galeria: Budowa maszyn i urz\u0105dze\u0144<\/a><\/div>\r\n\t\t<\/div><div class=\"modal fade\" id=\"galleryModal\" tabindex=\"-1\" role=\"dialog\" aria-labelledby=\"exampleModalLabel\" aria-hidden=\"true\">\r\n\t\t<div class=\"modal-dialog  modal-xl modal-dialog-centered\" role=\"document\">\r\n\t\t\t<div class=\"modal-content\">\r\n\t\t\t\t<div class=\"modal-body\" style=\"background-position:center center;background-size:100px;background-repeat:no-repeat;background-image:url('\/wp-content\/themes\/newsite\/images\/loader.gif');\">\r\n\t\t\t\t\t<button type=\"button\" class=\"close\" data-dismiss=\"modal\" aria-label=\"Close\">\r\n\t\t\t\t\t\t<span aria-hidden=\"true\">&times;<\/span>\r\n\t\t\t\t\t<\/button>\r\n\t\t\t\t\t<img class=\"modal-image\" src=\"\" \/>\r\n\t\t\t\t<\/div>\r\n\t\t\t<\/div>\r\n\t\t<\/div>\r\n\t<\/div>\n\n\n\n<div style=\"height:20px\" aria-hidden=\"true\" class=\"wp-block-spacer\"><\/div>\n\n\n\n<pre class=\"wp-block-preformatted\"><strong>TAGI:<\/strong> <em>projekty instalacji elektrycznych, audyty instalacji elektrycznych, konsultacja projekt\u00f3w elektrycznych, pomiary pirometryczne, pomiary termowizyjne, pomiary elektryczne, dopuszczenie do u\u017cytku maszyn, pomiary dopuszczeniowe, pomiary legalizacyjne, przegl\u0105dy okresowe instalacji elektrycznej, zabezpieczenie termiczne obiekt\u00f3w, szkolenia elektryczne, atestowanie, projekt przy\u0142\u0105czy i rozdzielni pr\u0105dowych, instalacja przeciwprzepi\u0119ciowa, ochrona przeciwpora\u017ceniowa, pomiary skuteczno\u015bci zerowania, pomiary impedancji, pomiary rezystancji, instalacja I, II i III fazowa, Pomiary wy\u0142\u0105cznik\u00f3w r\u00f3\u017cnicowopr\u0105dowych, pomiary instalacji odgromowej, pomiary rezystancji uziemienia, ogl\u0119dziny instalacji elektrycznej.  <\/em><\/pre>\n\n\n\n<div style=\"height:20px\" aria-hidden=\"true\" class=\"wp-block-spacer\"><\/div>\n","protected":false},"excerpt":{"rendered":"Posiadamy niezb\u0119dne uprawnienia (SEP) do prac przy niskim i wysokim napi\u0119ciu. Zajmujemy si\u0119 projektowaniem, wykonawstwem i serwisowaniem wszelkich uk\u0142ad\u00f3w elektrycznych w przemy\u015ble. Prowadzimy odpowiednio dostosowane drogi kablowe, dobieramy odpowiedni osprz\u0119t elektryczny, projektujemy i instalujemy rozdzielnie elektryczne oraz wszelkiego rodzaju zabezpieczenia pr\u0105dowe, daj\u0105c gwarancj\u0119 w\u0142a\u015bciwego wykonania prac zgodnie ze sztuk\u0105. Wyposa\u017ceni w sprz\u0119t pirometryczny i termowizyjny&#8230; <a class=\"view-article\" href=\"https:\/\/dgkinstal.com.pl\/index.php\/oferowane-uslugi\/pomiary-elektryczne\/\">View Article<\/a>","protected":false},"author":1,"featured_media":84,"parent":201,"menu_order":0,"comment_status":"closed","ping_status":"closed","template":"","meta":[],"_links":{"self":[{"href":"https:\/\/dgkinstal.com.pl\/index.php\/wp-json\/wp\/v2\/pages\/98"}],"collection":[{"href":"https:\/\/dgkinstal.com.pl\/index.php\/wp-json\/wp\/v2\/pages"}],"about":[{"href":"https:\/\/dgkinstal.com.pl\/index.php\/wp-json\/wp\/v2\/types\/page"}],"author":[{"embeddable":true,"href":"https:\/\/dgkinstal.com.pl\/index.php\/wp-json\/wp\/v2\/users\/1"}],"replies":[{"embeddable":true,"href":"https:\/\/dgkinstal.com.pl\/index.php\/wp-json\/wp\/v2\/comments?post=98"}],"version-history":[{"count":18,"href":"https:\/\/dgkinstal.com.pl\/index.php\/wp-json\/wp\/v2\/pages\/98\/revisions"}],"predecessor-version":[{"id":572,"href":"https:\/\/dgkinstal.com.pl\/index.php\/wp-json\/wp\/v2\/pages\/98\/revisions\/572"}],"up":[{"embeddable":true,"href":"https:\/\/dgkinstal.com.pl\/index.php\/wp-json\/wp\/v2\/pages\/201"}],"wp:featuredmedia":[{"embeddable":true,"href":"https:\/\/dgkinstal.com.pl\/index.php\/wp-json\/wp\/v2\/media\/84"}],"wp:attachment":[{"href":"https:\/\/dgkinstal.com.pl\/index.php\/wp-json\/wp\/v2\/media?parent=98"}],"curies":[{"name":"wp","href":"https:\/\/api.w.org\/{rel}","templated":true}]}}