{"id":94,"date":"2019-05-23T12:03:37","date_gmt":"2019-05-23T10:03:37","guid":{"rendered":"http:\/\/newsite.dgkinstal.com.pl\/?page_id=94"},"modified":"2020-04-17T15:20:56","modified_gmt":"2020-04-17T13:20:56","slug":"obrobka-cnc","status":"publish","type":"page","link":"https:\/\/dgkinstal.com.pl\/index.php\/oferowane-uslugi\/obrobka-cnc\/","title":{"rendered":"Obr\u00f3bka CNC"},"content":{"rendered":"<div class=\"row page-introduction\">\r\n\t\t<div class=\"col-12 col-md-6 header-parent\">\r\n\t\t\t<div class=\"col-12 col-md-6 offset-md-6 introduction-title\">\r\n\t\t\t\tObr\u00f3bka CNC\r\n\t\t\t<\/div>\r\n\t\t<\/div>\r\n\t\t<div class=\"col-12 col-md-6 text-parent\">\r\n\t\t\t<div class=\"col-12 introduction-text\">\r\n\t\t\t\tDla kompleksowej realizacji zlece\u0144 uruchomili\u015bmy warsztat \u015blusarsko spawalniczy. Zatrudnieni konstruktorzy i in\u017cynierowie mechaniki i materia\u0142oznawstwa pracuj\u0105 w nim nad projektami i wykonawstwem niezb\u0119dnych komponent\u00f3w. Do Twojej dyspozycji oddajemy nowoczesne urz\u0105dzenia \u015blusarskie i tokarskie oraz do\u015bwiadczenie naszych pracownik\u00f3w!\r\n\t\t\t<\/div>\r\n\t\t<\/div>\r\n\t<\/div>\n\n\n<div class=\"header-kml\"><span>W ramach us\u0142ugi proponujemy<\/span><\/div>\n\n\n<p><div class=\"row\"><br \/>\n<div class=\"col-12 col-sm-6 col-md-4\">\r\n\t\t<div class=\"uslugi-box-kml smaller-box\">\r\n\t\t\t<div class=\"box-header\">Obr\u00f3bk\u0119 <span>skrawaniem <\/span><\/span><\/div>\r\n\t\t\t<div class=\"box-subheader\">Obr\u00f3bka ubytkowa, pozwalaj\u0105ca dok\u0142adnie obrabia\u0107 poszczeg\u00f3lne warstwy materia\u0142u.<\/div>\r\n\t\t\t<div class=\"box-content\"><\/div>\r\n\t\t<\/div>\r\n\t<\/div><br \/>\n<div class=\"col-12 col-sm-6 col-md-4\">\r\n\t\t<div class=\"uslugi-box-kml smaller-box\">\r\n\t\t\t<div class=\"box-header\">Toczenie <span>materia\u0142\u00f3w <\/span><\/span><\/div>\r\n\t\t\t<div class=\"box-subheader\">Obrabianie bry\u0142 obrotowych i osiowo &#8211; symetrycznych. Us\u0142ugi toczenia i wytaczania.<\/div>\r\n\t\t\t<div class=\"box-content\"><\/div>\r\n\t\t<\/div>\r\n\t<\/div><br \/>\n<div class=\"col-12 col-sm-6 col-md-4\">\r\n\t\t<div class=\"uslugi-box-kml smaller-box\">\r\n\t\t\t<div class=\"box-header\">Frezowanie i <span>szlifowanie <\/span><\/span><\/div>\r\n\t\t\t<div class=\"box-subheader\">Obr\u00f3bka i wyka\u0144czanie obrobionych element\u00f3w, regeneracja podzespo\u0142\u00f3w.<\/div>\r\n\t\t\t<div class=\"box-content\"><\/div>\r\n\t\t<\/div>\r\n\t<\/div><br \/>\n<\/div><br \/>\n<div class=\"row\"><br \/>\n<div class=\"col-12 col-sm-6 col-md-4\">\r\n\t\t<div class=\"uslugi-box-kml smaller-box\">\r\n\t\t\t<div class=\"box-header\">Wiercenie <span>otwor\u00f3w, <span>gwintowanie, <span>nitowanie <\/span><\/span><\/div>\r\n\t\t\t<div class=\"box-subheader\">Maszynowe wiercenie otwor\u00f3w i gwint\u00f3w<\/div>\r\n\t\t\t<div class=\"box-content\">Komputerowa precyzja obr\u00f3bcza.<\/div>\r\n\t\t<\/div>\r\n\t<\/div><br \/>\n<div class=\"col-12 col-sm-6 col-md-4\">\r\n\t\t<div class=\"uslugi-box-kml smaller-box\">\r\n\t\t\t<div class=\"box-header\">Projektowanie i <span>wykonastwo <span>projektowe <\/span><\/span><\/div>\r\n\t\t\t<div class=\"box-subheader\">Podzespo\u0142y i cz\u0119\u015bci na miar\u0119 Twoich urz\u0105dze\u0144.<\/div>\r\n\t\t\t<div class=\"box-content\"><\/div>\r\n\t\t<\/div>\r\n\t<\/div><br \/>\n<div class=\"col-12 col-sm-6 col-md-4\">\r\n\t\t<div class=\"uslugi-box-kml smaller-box\">\r\n\t\t\t<div class=\"box-header\">Obr\u00f3bka <span>tworzych <span>sztucznych <\/span><\/span><\/div>\r\n\t\t\t<div class=\"box-subheader\">Wytwarzanie podzespo\u0142\u00f3w z tworzyw kompozytowych sztywnych i plastycznych.<\/div>\r\n\t\t\t<div class=\"box-content\"><\/div>\r\n\t\t<\/div>\r\n\t<\/div><br \/>\n<\/div><br \/>\n<div class=\"row\"><br \/>\n<div class=\"col-12 col-sm-6 col-md-4\">\r\n\t\t<div class=\"uslugi-box-kml smaller-box\">\r\n\t\t\t<div class=\"box-header\">Spawanie w <span>technologiach <span>TIG i <span>MIG <\/span><\/span><\/div>\r\n\t\t\t<div class=\"box-subheader\">\u0141\u0105czenie materia\u0142\u00f3w metod\u0105 spawania.<\/div>\r\n\t\t\t<div class=\"box-content\"><\/div>\r\n\t\t<\/div>\r\n\t<\/div><br \/>\n<div class=\"col-12 col-sm-6 col-md-4\">\r\n\t\t<div class=\"uslugi-box-kml smaller-box\">\r\n\t\t\t<div class=\"box-header\">Obr\u00f3bka <span>termiczna <\/span><\/span><\/div>\r\n\t\t\t<div class=\"box-subheader\">Hartowanie stali, wypalanie form, tworzenie odlew\u00f3w, etc.<\/div>\r\n\t\t\t<div class=\"box-content\"><\/div>\r\n\t\t<\/div>\r\n\t<\/div><br \/>\n<div class=\"col-12 col-sm-6 col-md-4\">\r\n\t\t<div class=\"uslugi-box-kml smaller-box\">\r\n\t\t\t<div class=\"box-header\">Zabezpieczenie <span>antykorozyjne <\/span><\/span><\/div>\r\n\t\t\t<div class=\"box-subheader\">Ochrona wytworzonych materia\u0142\u00f3w w spos\u00f3b zgodny ze specyfikacj\u0105.<\/div>\r\n\t\t\t<div class=\"box-content\"><\/div>\r\n\t\t<\/div>\r\n\t<\/div><br \/>\n<\/div><\/p>\n\n\n<div class=\"tryptyk row pl_PL\">\r\n\t\t<div class=\"col-12 col-md-4\">\r\n\t\t\t<div class=\"t-box\">\r\n\t\t\t\t<img src=\"\/wp-content\/themes\/newsite\/images\/t1.png\" \/>\r\n\t\t\t\t<div class=\"t-header\">Terminowo<\/div>\r\n\t\t\t\t<div class=\"t-content\">Pracujemy wg. Rygorystycznych re\u017cim\u00f3w czasowych, daj\u0105c Ci gwarancj\u0119 szybkiej i realizacji powierzonych zlece\u0144.<\/div>\r\n\t\t\t<\/div>\r\n\t\t<\/div>\r\n\t\t<div class=\"col-12 col-md-4\">\r\n\t\t\t<div class=\"t-box\">\r\n\t\t\t\t<img src=\"\/wp-content\/themes\/newsite\/images\/t2.png\" \/>\r\n\t\t\t\t<div class=\"t-header\">Bezpiecznie<\/div>\r\n\t\t\t\t<div class=\"t-content\">Atestowany sprz\u0119t, nowoczesne rozwi\u0105zania i wa\u017cna polisa OC w ramach zleconej pracy to dla nas standard!<\/div>\r\n\t\t\t<\/div>\r\n\t\t<\/div>\r\n\t\t<div class=\"col-12 col-md-4\">\r\n\t\t\t<div class=\"t-box\">\r\n\t\t\t\t<img src=\"\/wp-content\/themes\/newsite\/images\/t3.png\" \/>\r\n\t\t\t\t<div class=\"t-header\">Profesjonalnie<\/div>\r\n\t\t\t\t<div class=\"t-content\">Sprawdzone rozwi\u0105zania, wieloletnie do\u015bwiadczenie i nowoczesne podej\u015bcie do realizacji projekt\u00f3w.<\/div>\r\n\t\t\t<\/div>\r\n\t\t<\/div>\r\n\t<\/div>\n\n\n\n<div style=\"height:40px\" aria-hidden=\"true\" class=\"wp-block-spacer\"><\/div>\n\n\n\n<p class=\"has-medium-font-size\">Dzi\u0119ki w\u0142asnemu zapleczu warsztatowemu zapewniamy b\u0142yskawiczne przywr\u00f3cenie sprawno\u015bci powierzonych nam maszyn, do kt\u00f3rych niezb\u0119dne by\u0142o dorobienie cz\u0119\u015bci, a tak\u017ce gwarantujemy, \u017ce nasz projekt jest identyczny z orygina\u0142em. Projektujemy przestrzennie, by da\u0107 Ci obraz wytwarzanych komponent\u00f3w ju\u017c na etapie przygotowania do prac. Dzi\u0119ki naszym modelom b\u0119dziesz w stanie nie tylko oceni\u0107, czy wygl\u0105d ko\u0144cowego produktu jest odpowiedni, ale tak\u017ce, dzi\u0119ki pracy na modelu fizycznym \u2013 obliczy\u0107 niezb\u0119dn\u0105 wytrzyma\u0142o\u015b\u0107 czy u\u017cyteczno\u015b\u0107 w pracy.<\/p>\n\n\n\n<div style=\"height:40px\" aria-hidden=\"true\" class=\"wp-block-spacer\"><\/div>\n\n\n\n<p class=\"has-medium-font-size\">Wszystkie projekty wykonywane s\u0105\nprzez nasz\u0105 kadr\u0119 w programach wizualizacji 3D \u2013 SolidWorks \u2013 gwarantuj\u0105c\nunormowane nazewnictwo (praca w systemach ISO\/DIN) oraz daj\u0105c mo\u017cliwo\u015b\u0107\ndynamicznych zmian konstrukcyjnych z uwzgl\u0119dnieniem zmiennych \u015brodowiskowych\nstanowiska pracy maszyn.<\/p>\n\n\n\n<p class=\"has-medium-font-size\">Jeste\u015bmy przekonani, \u017ce oddajemy\nw Pa\u0144stwa r\u0119ce fachowy zesp\u00f3\u0142 warsztatowy, kt\u00f3ry sprosta ka\u017cdemu stawianemu\nprzed nim wyzwaniu, a zrealizowane przez nich prace, b\u0119d\u0105 najwy\u017cszej jako\u015bci,\nco gwarantuje ich trwa\u0142o\u015b\u0107 i maksymaln\u0105 \u017cywotno\u015b\u0107 w warunkach pracy.<\/p>\n\n\n\n<div style=\"height:20px\" aria-hidden=\"true\" class=\"wp-block-spacer\"><\/div>\n\n\n\n<div style=\"height:20px\" aria-hidden=\"true\" class=\"wp-block-spacer\"><\/div>\n\n\n<div class=\"header-kml\"><span>Jak pracujemy w warsztacie?<\/span><\/div>\n\n\n<div class=\"gallery-kml\">\r\n\t\t<a id=\"gallery\">&nbsp;<\/a><div class=\"row\"><a href=\"https:\/\/dgkinstal.com.pl\/wp-content\/uploads\/2020\/07\/IMG_4436.jpg\" title=\"01 Haas CNC IMG_4436\" class=\"lightbox-kml\"><div class=\"normal\" style=\"background-image:url('\/wp-content\/themes\/newsite\/timthumb.php?src=https:\/\/dgkinstal.com.pl\/wp-content\/uploads\/2020\/07\/IMG_4436.jpg&h=400&f=2');\"><\/div><div class=\"hovered\" style=\"background-image:url('\/wp-content\/themes\/newsite\/timthumb.php?src=https:\/\/dgkinstal.com.pl\/wp-content\/uploads\/2020\/07\/IMG_4436.jpg&h=400');\"><\/div><\/a><a href=\"https:\/\/dgkinstal.com.pl\/wp-content\/uploads\/2020\/07\/IMG_4461.jpg\" title=\"010 Warsztat \u015blusarski IMG_4461\" class=\"lightbox-kml\"><div class=\"normal\" style=\"background-image:url('\/wp-content\/themes\/newsite\/timthumb.php?src=https:\/\/dgkinstal.com.pl\/wp-content\/uploads\/2020\/07\/IMG_4461.jpg&h=400&f=2');\"><\/div><div class=\"hovered\" style=\"background-image:url('\/wp-content\/themes\/newsite\/timthumb.php?src=https:\/\/dgkinstal.com.pl\/wp-content\/uploads\/2020\/07\/IMG_4461.jpg&h=400');\"><\/div><\/a><a href=\"https:\/\/dgkinstal.com.pl\/wp-content\/uploads\/2020\/07\/IMG_4462.jpg\" title=\"011 Warsztat \u015blusarski IMG_4462\" class=\"lightbox-kml\"><div class=\"normal\" style=\"background-image:url('\/wp-content\/themes\/newsite\/timthumb.php?src=https:\/\/dgkinstal.com.pl\/wp-content\/uploads\/2020\/07\/IMG_4462.jpg&h=400&f=2');\"><\/div><div class=\"hovered\" style=\"background-image:url('\/wp-content\/themes\/newsite\/timthumb.php?src=https:\/\/dgkinstal.com.pl\/wp-content\/uploads\/2020\/07\/IMG_4462.jpg&h=400');\"><\/div><\/a><a href=\"https:\/\/dgkinstal.com.pl\/wp-content\/uploads\/2020\/07\/IMG_4454.jpg\" title=\"012 Warsztat \u015blusarski IMG_4454\" class=\"lightbox-kml\"><div class=\"normal\" style=\"background-image:url('\/wp-content\/themes\/newsite\/timthumb.php?src=https:\/\/dgkinstal.com.pl\/wp-content\/uploads\/2020\/07\/IMG_4454.jpg&h=400&f=2');\"><\/div><div class=\"hovered\" style=\"background-image:url('\/wp-content\/themes\/newsite\/timthumb.php?src=https:\/\/dgkinstal.com.pl\/wp-content\/uploads\/2020\/07\/IMG_4454.jpg&h=400');\"><\/div><\/a><\/div><div class=\"row\"><a href=\"https:\/\/dgkinstal.com.pl\/wp-content\/uploads\/2020\/07\/IMG_4463.jpg\" title=\"02 Prace \u015blusarskie IMG_4463\" class=\"lightbox-kml\"><div class=\"normal\" style=\"background-image:url('\/wp-content\/themes\/newsite\/timthumb.php?src=https:\/\/dgkinstal.com.pl\/wp-content\/uploads\/2020\/07\/IMG_4463.jpg&h=400&f=2');\"><\/div><div class=\"hovered\" style=\"background-image:url('\/wp-content\/themes\/newsite\/timthumb.php?src=https:\/\/dgkinstal.com.pl\/wp-content\/uploads\/2020\/07\/IMG_4463.jpg&h=400');\"><\/div><\/a><a href=\"https:\/\/dgkinstal.com.pl\/wp-content\/uploads\/2020\/07\/IMG_4451.jpg\" title=\"03 \u015alusarnia IMG_4451\" class=\"lightbox-kml\"><div class=\"normal\" style=\"background-image:url('\/wp-content\/themes\/newsite\/timthumb.php?src=https:\/\/dgkinstal.com.pl\/wp-content\/uploads\/2020\/07\/IMG_4451.jpg&h=400&f=2');\"><\/div><div class=\"hovered\" style=\"background-image:url('\/wp-content\/themes\/newsite\/timthumb.php?src=https:\/\/dgkinstal.com.pl\/wp-content\/uploads\/2020\/07\/IMG_4451.jpg&h=400');\"><\/div><\/a><a href=\"https:\/\/dgkinstal.com.pl\/wp-content\/uploads\/2020\/07\/IMG_4438.jpg\" title=\"04 Centrum obr\u00f3bcze CNC IMG_4438\" class=\"lightbox-kml\"><div class=\"normal\" style=\"background-image:url('\/wp-content\/themes\/newsite\/timthumb.php?src=https:\/\/dgkinstal.com.pl\/wp-content\/uploads\/2020\/07\/IMG_4438.jpg&h=400&f=2');\"><\/div><div class=\"hovered\" style=\"background-image:url('\/wp-content\/themes\/newsite\/timthumb.php?src=https:\/\/dgkinstal.com.pl\/wp-content\/uploads\/2020\/07\/IMG_4438.jpg&h=400');\"><\/div><\/a><a href=\"https:\/\/dgkinstal.com.pl\/wp-content\/uploads\/2020\/07\/IMG_4455.jpg\" title=\"05 Prace \u015alusarskie IMG_4455\" class=\"lightbox-kml\"><div class=\"normal\" style=\"background-image:url('\/wp-content\/themes\/newsite\/timthumb.php?src=https:\/\/dgkinstal.com.pl\/wp-content\/uploads\/2020\/07\/IMG_4455.jpg&h=400&f=2');\"><\/div><div class=\"hovered\" style=\"background-image:url('\/wp-content\/themes\/newsite\/timthumb.php?src=https:\/\/dgkinstal.com.pl\/wp-content\/uploads\/2020\/07\/IMG_4455.jpg&h=400');\"><\/div><\/a><\/div>\r\n\t\t\t\t\t\t<div class=\"row\">\r\n\t\t\t\t\t\t\t<a  href=\"\" class=\"show-more-gallery button-kml\">Poka\u017c wi\u0119cej<\/a>\r\n\t\t\t\t\t\t<\/div>\r\n\t\t\t\t\t<div class=\"row gallery-row hide-me\"><a href=\"https:\/\/dgkinstal.com.pl\/wp-content\/uploads\/2020\/07\/IMG_4453.jpg\" title=\"06 Prace \u015blusarskie IMG_4453\" class=\"lightbox-kml\"><div class=\"normal\" style=\"background-image:url('\/wp-content\/themes\/newsite\/timthumb.php?src=https:\/\/dgkinstal.com.pl\/wp-content\/uploads\/2020\/07\/IMG_4453.jpg&h=400&f=2');\"><\/div><div class=\"hovered\" style=\"background-image:url('\/wp-content\/themes\/newsite\/timthumb.php?src=https:\/\/dgkinstal.com.pl\/wp-content\/uploads\/2020\/07\/IMG_4453.jpg&h=400');\"><\/div><\/a><a href=\"https:\/\/dgkinstal.com.pl\/wp-content\/uploads\/2020\/07\/IMG_4452.jpg\" title=\"07 Warsztat \u015alusarski IMG_4452\" class=\"lightbox-kml\"><div class=\"normal\" style=\"background-image:url('\/wp-content\/themes\/newsite\/timthumb.php?src=https:\/\/dgkinstal.com.pl\/wp-content\/uploads\/2020\/07\/IMG_4452.jpg&h=400&f=2');\"><\/div><div class=\"hovered\" style=\"background-image:url('\/wp-content\/themes\/newsite\/timthumb.php?src=https:\/\/dgkinstal.com.pl\/wp-content\/uploads\/2020\/07\/IMG_4452.jpg&h=400');\"><\/div><\/a><a href=\"https:\/\/dgkinstal.com.pl\/wp-content\/uploads\/2020\/07\/IMG_4456.jpg\" title=\"08 warsztat \u015blusarski IMG_4456\" class=\"lightbox-kml\"><div class=\"normal\" style=\"background-image:url('\/wp-content\/themes\/newsite\/timthumb.php?src=https:\/\/dgkinstal.com.pl\/wp-content\/uploads\/2020\/07\/IMG_4456.jpg&h=400&f=2');\"><\/div><div class=\"hovered\" style=\"background-image:url('\/wp-content\/themes\/newsite\/timthumb.php?src=https:\/\/dgkinstal.com.pl\/wp-content\/uploads\/2020\/07\/IMG_4456.jpg&h=400');\"><\/div><\/a><a href=\"https:\/\/dgkinstal.com.pl\/wp-content\/uploads\/2020\/07\/IMG_4457.jpg\" title=\"09 Warsztat \u015blusarski IMG_4457\" class=\"lightbox-kml\"><div class=\"normal\" style=\"background-image:url('\/wp-content\/themes\/newsite\/timthumb.php?src=https:\/\/dgkinstal.com.pl\/wp-content\/uploads\/2020\/07\/IMG_4457.jpg&h=400&f=2');\"><\/div><div class=\"hovered\" style=\"background-image:url('\/wp-content\/themes\/newsite\/timthumb.php?src=https:\/\/dgkinstal.com.pl\/wp-content\/uploads\/2020\/07\/IMG_4457.jpg&h=400');\"><\/div><\/a><\/div><div class=\"row gallery-row hide-me\"><a href=\"https:\/\/dgkinstal.com.pl\/wp-content\/uploads\/2020\/07\/2020-07-08_12-50-47_1.jpg\" title=\"2020-07-08_12-50-47_1\" class=\"lightbox-kml\"><div class=\"normal\" style=\"background-image:url('\/wp-content\/themes\/newsite\/timthumb.php?src=https:\/\/dgkinstal.com.pl\/wp-content\/uploads\/2020\/07\/2020-07-08_12-50-47_1.jpg&h=400&f=2');\"><\/div><div class=\"hovered\" style=\"background-image:url('\/wp-content\/themes\/newsite\/timthumb.php?src=https:\/\/dgkinstal.com.pl\/wp-content\/uploads\/2020\/07\/2020-07-08_12-50-47_1.jpg&h=400');\"><\/div><\/a><a href=\"https:\/\/dgkinstal.com.pl\/wp-content\/uploads\/2020\/07\/IMG_4547.jpg\" title=\"IMG_4547\" class=\"lightbox-kml\"><div class=\"normal\" style=\"background-image:url('\/wp-content\/themes\/newsite\/timthumb.php?src=https:\/\/dgkinstal.com.pl\/wp-content\/uploads\/2020\/07\/IMG_4547.jpg&h=400&f=2');\"><\/div><div class=\"hovered\" style=\"background-image:url('\/wp-content\/themes\/newsite\/timthumb.php?src=https:\/\/dgkinstal.com.pl\/wp-content\/uploads\/2020\/07\/IMG_4547.jpg&h=400');\"><\/div><\/a><a href=\"https:\/\/dgkinstal.com.pl\/wp-content\/uploads\/2020\/07\/IMG_4549.jpg\" title=\"IMG_4549\" class=\"lightbox-kml\"><div class=\"normal\" style=\"background-image:url('\/wp-content\/themes\/newsite\/timthumb.php?src=https:\/\/dgkinstal.com.pl\/wp-content\/uploads\/2020\/07\/IMG_4549.jpg&h=400&f=2');\"><\/div><div class=\"hovered\" style=\"background-image:url('\/wp-content\/themes\/newsite\/timthumb.php?src=https:\/\/dgkinstal.com.pl\/wp-content\/uploads\/2020\/07\/IMG_4549.jpg&h=400');\"><\/div><\/a><\/div><\/div>\r\n\t\t<div class=\"row\">\r\n\t\t\t<div class=\"col-6 col-md-4 \"><a href=\"https:\/\/dgkinstal.com.pl\/?post_type=page&p=16#gallery\" class=\"button-kml\">Galeria: Prace alpinistyczne<\/a><\/div>\r\n\t\t\t<div class=\"col-6 col-md-4 offset-md-4\"><a href=\"https:\/\/dgkinstal.com.pl\/?post_type=page&p=98#gallery\" class=\"button-kml\">Galeria: Instalacje elektryczne<\/a><\/div>\r\n\t\t<\/div><div class=\"modal fade\" id=\"galleryModal\" tabindex=\"-1\" role=\"dialog\" aria-labelledby=\"exampleModalLabel\" aria-hidden=\"true\">\r\n\t\t<div class=\"modal-dialog  modal-xl modal-dialog-centered\" role=\"document\">\r\n\t\t\t<div class=\"modal-content\">\r\n\t\t\t\t<div class=\"modal-body\" style=\"background-position:center center;background-size:100px;background-repeat:no-repeat;background-image:url('\/wp-content\/themes\/newsite\/images\/loader.gif');\">\r\n\t\t\t\t\t<button type=\"button\" class=\"close\" data-dismiss=\"modal\" aria-label=\"Close\">\r\n\t\t\t\t\t\t<span aria-hidden=\"true\">&times;<\/span>\r\n\t\t\t\t\t<\/button>\r\n\t\t\t\t\t<img class=\"modal-image\" src=\"\" \/>\r\n\t\t\t\t<\/div>\r\n\t\t\t<\/div>\r\n\t\t<\/div>\r\n\t<\/div>\n\n\n\n<div style=\"height:20px\" aria-hidden=\"true\" class=\"wp-block-spacer\"><\/div>\n\n\n\n<pre class=\"wp-block-preformatted\"><strong>TAGI:<\/strong> <em>obr\u00f3bka skrawaniem, toczenie materia\u0142\u00f3w, frezowanie materia\u0142\u00f3w, szlifowanie materia\u0142\u00f3w, regeneracja podzespo\u0142\u00f3w, wiercenie otwor\u00f3w, gwintowanie, nitowanie, projektowanie cz\u0119\u015bci i podzespo\u0142\u00f3w, dorabianie cz\u0119\u015bci zgodnie z projektem, spawanie TIG, sprawanie MIG, obr\u00f3bka termiczna, malowanie, zabezpieczenie antykorozyjne, obr\u00f3bka tworzyw sztucznych.<\/em><\/pre>\n","protected":false},"excerpt":{"rendered":"Dzi\u0119ki w\u0142asnemu zapleczu warsztatowemu zapewniamy b\u0142yskawiczne przywr\u00f3cenie sprawno\u015bci powierzonych nam maszyn, do kt\u00f3rych niezb\u0119dne by\u0142o dorobienie cz\u0119\u015bci, a tak\u017ce gwarantujemy, \u017ce nasz projekt jest identyczny z orygina\u0142em. Projektujemy przestrzennie, by da\u0107 Ci obraz wytwarzanych komponent\u00f3w ju\u017c na etapie przygotowania do prac. Dzi\u0119ki naszym modelom b\u0119dziesz w stanie nie tylko oceni\u0107, czy wygl\u0105d ko\u0144cowego produktu jest&#8230; <a class=\"view-article\" href=\"https:\/\/dgkinstal.com.pl\/index.php\/oferowane-uslugi\/obrobka-cnc\/\">View Article<\/a>","protected":false},"author":1,"featured_media":83,"parent":201,"menu_order":0,"comment_status":"closed","ping_status":"closed","template":"","meta":[],"_links":{"self":[{"href":"https:\/\/dgkinstal.com.pl\/index.php\/wp-json\/wp\/v2\/pages\/94"}],"collection":[{"href":"https:\/\/dgkinstal.com.pl\/index.php\/wp-json\/wp\/v2\/pages"}],"about":[{"href":"https:\/\/dgkinstal.com.pl\/index.php\/wp-json\/wp\/v2\/types\/page"}],"author":[{"embeddable":true,"href":"https:\/\/dgkinstal.com.pl\/index.php\/wp-json\/wp\/v2\/users\/1"}],"replies":[{"embeddable":true,"href":"https:\/\/dgkinstal.com.pl\/index.php\/wp-json\/wp\/v2\/comments?post=94"}],"version-history":[{"count":32,"href":"https:\/\/dgkinstal.com.pl\/index.php\/wp-json\/wp\/v2\/pages\/94\/revisions"}],"predecessor-version":[{"id":1028,"href":"https:\/\/dgkinstal.com.pl\/index.php\/wp-json\/wp\/v2\/pages\/94\/revisions\/1028"}],"up":[{"embeddable":true,"href":"https:\/\/dgkinstal.com.pl\/index.php\/wp-json\/wp\/v2\/pages\/201"}],"wp:featuredmedia":[{"embeddable":true,"href":"https:\/\/dgkinstal.com.pl\/index.php\/wp-json\/wp\/v2\/media\/83"}],"wp:attachment":[{"href":"https:\/\/dgkinstal.com.pl\/index.php\/wp-json\/wp\/v2\/media?parent=94"}],"curies":[{"name":"wp","href":"https:\/\/api.w.org\/{rel}","templated":true}]}}