{"id":8,"date":"2019-05-20T09:57:22","date_gmt":"2019-05-20T07:57:22","guid":{"rendered":"http:\/\/newsite.dgkinstal.com.pl\/?page_id=8"},"modified":"2020-04-07T15:36:06","modified_gmt":"2020-04-07T13:36:06","slug":"montaz-i-naprawa-maszyn","status":"publish","type":"page","link":"https:\/\/dgkinstal.com.pl\/index.php\/oferowane-uslugi\/montaz-i-naprawa-maszyn\/","title":{"rendered":"Monta\u017c i naprawa maszyn"},"content":{"rendered":"<div class=\"row page-introduction\">\r\n\t\t<div class=\"col-12 col-md-6 header-parent\">\r\n\t\t\t<div class=\"col-12 col-md-6 offset-md-6 introduction-title\">\r\n\t\t\t\tMonta\u017c i naprawa maszyn\r\n\t\t\t<\/div>\r\n\t\t<\/div>\r\n\t\t<div class=\"col-12 col-md-6 text-parent\">\r\n\t\t\t<div class=\"col-12 introduction-text\">\r\n\t\t\t\tZajmujemy si\u0119 montazem wszelkiego typu maszyn przemys\u0142owych i linii produkcyjnych. Wykonujemy serwis bie\u017c\u0105cy i przegl\u0105dy okresowe maszyn i urz\u0105dze\u0144 przemys\u0142owych, zapewniaj\u0105c im tym samym warunki do bezproblemowej i bezawaryjnej pracy w d\u0142ugiej perspektywie. Jeste\u015bmy odpowiedzialni za Utrzymanie Ruchu (UR) w Twoim przedsi\u0119biorstwie.\r\n\t\t\t<\/div>\r\n\t\t<\/div>\r\n\t<\/div>\n\n\n<div class=\"header-kml\"><span>W ramach us\u0142ugi proponujemy<\/span><\/div>\n\n\n<p><div class=\"row\"><br \/>\n<div class=\"col-12 col-sm-6 col-md-4\">\r\n\t\t<div class=\"uslugi-box-kml smaller-box\">\r\n\t\t\t<div class=\"box-header\">Nadzorowanie <span>stanu <span>technicznego <\/span><\/span><\/div>\r\n\t\t\t<div class=\"box-subheader\">Serwis bie\u017c\u0105cy i okresowy urz\u0105dze\u0144<\/div>\r\n\t\t\t<div class=\"box-content\">Przegl\u0105dy prewencyjne i predykcyjne<\/div>\r\n\t\t<\/div>\r\n\t<\/div><br \/>\n<div class=\"col-12 col-sm-6 col-md-4\">\r\n\t\t<div class=\"uslugi-box-kml smaller-box\">\r\n\t\t\t<div class=\"box-header\">Dokumentacj\u0119 <span>serwisow\u0105 <\/span><\/span><\/div>\r\n\t\t\t<div class=\"box-subheader\">Prowadzenie ksi\u0105\u017cek serwisowych<\/div>\r\n\t\t\t<div class=\"box-content\">Kompletacja dokumentacji, konwersja do wersji cyfrowej<\/div>\r\n\t\t<\/div>\r\n\t<\/div><br \/>\n<div class=\"col-12 col-sm-6 col-md-4\">\r\n\t\t<div class=\"uslugi-box-kml smaller-box\">\r\n\t\t\t<div class=\"box-header\">Planowanie <span>eksploatacji <span>maszyn <\/span><\/span><\/div>\r\n\t\t\t<div class=\"box-subheader\">Kontrola specjalistyczna stanu technicznego<\/div>\r\n\t\t\t<div class=\"box-content\">Obliczanie zu\u017cycia na podstawie obci\u0105\u017cenia produkcyjnego maszyn<\/div>\r\n\t\t<\/div>\r\n\t<\/div><br \/>\n<\/div><br \/>\n<div class=\"row\"><br \/>\n<div class=\"col-12 col-sm-6 col-md-4\">\r\n\t\t<div class=\"uslugi-box-kml smaller-box\">\r\n\t\t\t<div class=\"box-header\">Konserwacj\u0119 <span>uk\u0142ad\u00f3w <\/span><\/span><\/div>\r\n\t\t\t<div class=\"box-subheader\">Pneumatycznych i mechanicznych<\/div>\r\n\t\t\t<div class=\"box-content\">Przywracamy zasilanie urz\u0105dze\u0144 oraz ich mechaniczn\u0105 sprawno\u015b\u0107<\/div>\r\n\t\t<\/div>\r\n\t<\/div><br \/>\n<div class=\"col-12 col-sm-6 col-md-4\">\r\n\t\t<div class=\"uslugi-box-kml smaller-box\">\r\n\t\t\t<div class=\"box-header\">Testy <span>uk\u0142ad\u00f3w <span>automatycznych <\/span><\/span><\/div>\r\n\t\t\t<div class=\"box-subheader\">Analiza pracy robot\u00f3w<\/div>\r\n\t\t\t<div class=\"box-content\"> programowanie, usprawnienia dzia\u0142ania, zmiany konstrukcji<\/div>\r\n\t\t<\/div>\r\n\t<\/div><br \/>\n<div class=\"col-12 col-sm-6 col-md-4\">\r\n\t\t<div class=\"uslugi-box-kml smaller-box\">\r\n\t\t\t<div class=\"box-header\">Monta\u017c <span>zabezpiecze\u0144 <\/span><\/span><\/div>\r\n\t\t\t<div class=\"box-subheader\">Planowanie, wyposa\u017canie, renowacja<\/div>\r\n\t\t\t<div class=\"box-content\">Zautomatyzowana ochrona Twojego stanowiska pracy<\/div>\r\n\t\t<\/div>\r\n\t<\/div><br \/>\n<\/div><\/p>\n\n\n\n\n<div class=\"tryptyk row pl_PL\">\r\n\t\t<div class=\"col-12 col-md-4\">\r\n\t\t\t<div class=\"t-box\">\r\n\t\t\t\t<img src=\"\/wp-content\/themes\/newsite\/images\/t1.png\" \/>\r\n\t\t\t\t<div class=\"t-header\">Terminowo<\/div>\r\n\t\t\t\t<div class=\"t-content\">Pracujemy wg. Rygorystycznych re\u017cim\u00f3w czasowych, daj\u0105c Ci gwarancj\u0119 szybkiej i realizacji powierzonych zlece\u0144.<\/div>\r\n\t\t\t<\/div>\r\n\t\t<\/div>\r\n\t\t<div class=\"col-12 col-md-4\">\r\n\t\t\t<div class=\"t-box\">\r\n\t\t\t\t<img src=\"\/wp-content\/themes\/newsite\/images\/t2.png\" \/>\r\n\t\t\t\t<div class=\"t-header\">Bezpiecznie<\/div>\r\n\t\t\t\t<div class=\"t-content\">Atestowany sprz\u0119t, nowoczesne rozwi\u0105zania i wa\u017cna polisa OC w ramach zleconej pracy to dla nas standard!<\/div>\r\n\t\t\t<\/div>\r\n\t\t<\/div>\r\n\t\t<div class=\"col-12 col-md-4\">\r\n\t\t\t<div class=\"t-box\">\r\n\t\t\t\t<img src=\"\/wp-content\/themes\/newsite\/images\/t3.png\" \/>\r\n\t\t\t\t<div class=\"t-header\">Profesjonalnie<\/div>\r\n\t\t\t\t<div class=\"t-content\">Sprawdzone rozwi\u0105zania, wieloletnie do\u015bwiadczenie i nowoczesne podej\u015bcie do realizacji projekt\u00f3w.<\/div>\r\n\t\t\t<\/div>\r\n\t\t<\/div>\r\n\t<\/div>\n\n\n\n<div style=\"height:40px\" aria-hidden=\"true\" class=\"wp-block-spacer\"><\/div>\n\n\n\n<p class=\"has-medium-font-size\">Wykonujemy serwisy i przegl\u0105dy okresowe maszyn i urz\u0105dze\u0144 przemys\u0142owych, zapewniaj\u0105c im tym samym warunki do bezproblemowej i bezawaryjnej pracy w d\u0142ugiej perspektywie. <\/p>\n\n\n\n<p class=\"has-medium-font-size\">Nasze dzia\u0142ania zmierzaj\u0105 do\nzapewnienia Ci poczucia bezpiecze\u0144stwa wzgl\u0119dem urz\u0105dze\u0144 pracuj\u0105cych dla\nCiebie. Gwarantujemy nieprzerwan\u0105 produkcj\u0119 oraz nieinwazyjne prace\nkonserwatorsko \u2013 serwisowe, dostosowuj\u0105c si\u0119 przy tym do wszelkich przepis\u00f3w\nwewn\u0105trzzak\u0142adowych oraz stawianych nam wymaga\u0144. Spektrum naszych dzia\u0142a\u0144\npozwala przy tym zagwarantowa\u0107 kompleksow\u0105 obs\u0142ug\u0119 powierzonego nam zlecenia.<\/p>\n\n\n\n<div style=\"height:20px\" aria-hidden=\"true\" class=\"wp-block-spacer\"><\/div>\n\n\n\n<p class=\"has-medium-font-size\">Jako rozszerzenie us\u0142ugi monta\u017cu i naprawy urz\u0105dze\u0144 przemys\u0142owych, proponujemy tak\u017ce prace in\u017cynierskie zmierzaj\u0105ce do wykonania zmian konstrukcyjnych (przebudowy) maszyn, w celu ich odpowiedniego dostosowania do nowych zada\u0144.<\/p>\n\n\n\n<p class=\"has-medium-font-size\">Oferujemy us\u0142ugi modernizacji i przebudowy wszelkiego typu konstrukcji i maszyn przemys\u0142owych. Prowadzimy rozbudow\u0119 i renowacj\u0119 maszyn, usprawniaj\u0105c\/zmieniaj\u0105c ich dzia\u0142anie lub przywracaj\u0105c sprawno\u015b\u0107 do stanu pierwotnego.<\/p>\n\n\n\n<p><\/p>\n\n\n\n<div style=\"height:20px\" aria-hidden=\"true\" class=\"wp-block-spacer\"><\/div>\n\n\n\n<div style=\"height:20px\" aria-hidden=\"true\" class=\"wp-block-spacer\"><\/div>\n\n\n<div class=\"row\"><br \/>\n<div class=\"col-12\"><div class=\"row\"><div class=\"col-12 col-md-4 offset-md-4\"><button data-target=\"1776640625\" class=\"reveal_button\">Zobacz co jeszcze proponujemy<\/button><\/div><\/div><\/div>\r\n\t\t\t<div id=\"1776640625\" class=\"hidden_boxes\"><div class=\"row\"><br \/>\n<div class=\"col-12 col-sm-6 col-md-4\">\r\n\t\t<div class=\"uslugi-box-kml smaller-box\">\r\n\t\t\t<div class=\"box-header\">Utrzymanie <span>ruchu <span>przedsi\u0119biorstw <\/span><\/span><\/div>\r\n\t\t\t<div class=\"box-subheader\"><\/div>\r\n\t\t\t<div class=\"box-content\"><\/div>\r\n\t\t<\/div>\r\n\t<\/div><br \/>\n<div class=\"col-12 col-sm-6 col-md-4\">\r\n\t\t<div class=\"uslugi-box-kml smaller-box\">\r\n\t\t\t<div class=\"box-header\">Naprawy <span>bie\u017c\u0105ce, <span>okresowe, <span>przegl\u0105dy <span>maszyn <\/span><\/span><\/div>\r\n\t\t\t<div class=\"box-subheader\"><\/div>\r\n\t\t\t<div class=\"box-content\"><\/div>\r\n\t\t<\/div>\r\n\t<\/div><br \/>\n<div class=\"col-12 col-sm-6 col-md-4\">\r\n\t\t<div class=\"uslugi-box-kml smaller-box\">\r\n\t\t\t<div class=\"box-header\">Modernizacje <span>przystosowawcze <\/span><\/span><\/div>\r\n\t\t\t<div class=\"box-subheader\"><\/div>\r\n\t\t\t<div class=\"box-content\"><\/div>\r\n\t\t<\/div>\r\n\t<\/div><br \/>\n<div class=\"col-12 col-sm-6 col-md-4\">\r\n\t\t<div class=\"uslugi-box-kml smaller-box\">\r\n\t\t\t<div class=\"box-header\">Modernizacje <span>wydajno\u015bciowe <\/span><\/span><\/div>\r\n\t\t\t<div class=\"box-subheader\"><\/div>\r\n\t\t\t<div class=\"box-content\"><\/div>\r\n\t\t<\/div>\r\n\t<\/div><br \/>\n<div class=\"col-12 col-sm-6 col-md-4\">\r\n\t\t<div class=\"uslugi-box-kml smaller-box\">\r\n\t\t\t<div class=\"box-header\">Pomiary <span>wytrzyma\u0142o\u015bciowe i <span>u\u017cytkowe <\/span><\/span><\/div>\r\n\t\t\t<div class=\"box-subheader\"><\/div>\r\n\t\t\t<div class=\"box-content\"><\/div>\r\n\t\t<\/div>\r\n\t<\/div><br \/>\n<div class=\"col-12 col-sm-6 col-md-4\">\r\n\t\t<div class=\"uslugi-box-kml smaller-box\">\r\n\t\t\t<div class=\"box-header\">Monta\u017c <span>maszyn <span>nowych i <span>uzywanych <\/span><\/span><\/div>\r\n\t\t\t<div class=\"box-subheader\"><\/div>\r\n\t\t\t<div class=\"box-content\"><\/div>\r\n\t\t<\/div>\r\n\t<\/div><br \/>\n<div class=\"col-12 col-sm-6 col-md-4\">\r\n\t\t<div class=\"uslugi-box-kml smaller-box\">\r\n\t\t\t<div class=\"box-header\">Kompleksowe <span>prace <span>instalacyjne <\/span><\/span><\/div>\r\n\t\t\t<div class=\"box-subheader\"><\/div>\r\n\t\t\t<div class=\"box-content\"><\/div>\r\n\t\t<\/div>\r\n\t<\/div><br \/>\n<div class=\"col-12 col-sm-6 col-md-4\">\r\n\t\t<div class=\"uslugi-box-kml smaller-box\">\r\n\t\t\t<div class=\"box-header\">Certyfikacja <span>maszyn i <span>linii <span>produkcyjnych <\/span><\/span><\/div>\r\n\t\t\t<div class=\"box-subheader\"><\/div>\r\n\t\t\t<div class=\"box-content\"><\/div>\r\n\t\t<\/div>\r\n\t<\/div><br \/>\n<div class=\"col-12 col-sm-6 col-md-4\">\r\n\t\t<div class=\"uslugi-box-kml smaller-box\">\r\n\t\t\t<div class=\"box-header\">Odtwarzanie <span>dokumentacji <span>technicznej <\/span><\/span><\/div>\r\n\t\t\t<div class=\"box-subheader\"><\/div>\r\n\t\t\t<div class=\"box-content\"><\/div>\r\n\t\t<\/div>\r\n\t<\/div><br \/>\n<\/div><\/div><br \/>\n<\/div>\n\n\n<div class=\"header-kml\"><span>Jak pracujemy serwisuj\u0105c maszyny?<\/span><\/div>\n\n\n<div class=\"gallery-kml\">\r\n\t\t<a id=\"gallery\">&nbsp;<\/a><div class=\"row\"><a href=\"https:\/\/dgkinstal.com.pl\/wp-content\/uploads\/2020\/04\/monta\u017c-mazyn.jpg\" title=\"01 Monta\u017c maszyn - monta\u017c silnik\u00f3w, przek\u0142adni i reduktor\u00f3w\" class=\"lightbox-kml\"><div class=\"normal\" style=\"background-image:url('\/wp-content\/themes\/newsite\/timthumb.php?src=https:\/\/dgkinstal.com.pl\/wp-content\/uploads\/2020\/04\/monta\u017c-mazyn.jpg&h=400&f=2');\"><\/div><div class=\"hovered\" style=\"background-image:url('\/wp-content\/themes\/newsite\/timthumb.php?src=https:\/\/dgkinstal.com.pl\/wp-content\/uploads\/2020\/04\/monta\u017c-mazyn.jpg&h=400');\"><\/div><\/a><a href=\"https:\/\/dgkinstal.com.pl\/wp-content\/uploads\/2020\/04\/monta\u017c-maszyn-2@05x.jpg\" title=\"02 monta\u017c maszyn - instalacja przeno\u015bnika \u0142a\u0144cuchowego\" class=\"lightbox-kml\"><div class=\"normal\" style=\"background-image:url('\/wp-content\/themes\/newsite\/timthumb.php?src=https:\/\/dgkinstal.com.pl\/wp-content\/uploads\/2020\/04\/monta\u017c-maszyn-2@05x.jpg&h=400&f=2');\"><\/div><div class=\"hovered\" style=\"background-image:url('\/wp-content\/themes\/newsite\/timthumb.php?src=https:\/\/dgkinstal.com.pl\/wp-content\/uploads\/2020\/04\/monta\u017c-maszyn-2@05x.jpg&h=400');\"><\/div><\/a><a href=\"https:\/\/dgkinstal.com.pl\/wp-content\/uploads\/2020\/07\/2020-06-18_18-27-16_1.jpg\" title=\"2020-06-18_18-27-16_1\" class=\"lightbox-kml\"><div class=\"normal\" style=\"background-image:url('\/wp-content\/themes\/newsite\/timthumb.php?src=https:\/\/dgkinstal.com.pl\/wp-content\/uploads\/2020\/07\/2020-06-18_18-27-16_1.jpg&h=400&f=2');\"><\/div><div class=\"hovered\" style=\"background-image:url('\/wp-content\/themes\/newsite\/timthumb.php?src=https:\/\/dgkinstal.com.pl\/wp-content\/uploads\/2020\/07\/2020-06-18_18-27-16_1.jpg&h=400');\"><\/div><\/a><a href=\"https:\/\/dgkinstal.com.pl\/wp-content\/uploads\/2020\/04\/IMG_0239.jpeg\" title=\"IMG_0239\" class=\"lightbox-kml\"><div class=\"normal\" style=\"background-image:url('\/wp-content\/themes\/newsite\/timthumb.php?src=https:\/\/dgkinstal.com.pl\/wp-content\/uploads\/2020\/04\/IMG_0239.jpeg&h=400&f=2');\"><\/div><div class=\"hovered\" style=\"background-image:url('\/wp-content\/themes\/newsite\/timthumb.php?src=https:\/\/dgkinstal.com.pl\/wp-content\/uploads\/2020\/04\/IMG_0239.jpeg&h=400');\"><\/div><\/a><\/div><div class=\"row\"><a href=\"https:\/\/dgkinstal.com.pl\/wp-content\/uploads\/2020\/04\/IMG_1089.jpeg\" title=\"IMG_1089\" class=\"lightbox-kml\"><div class=\"normal\" style=\"background-image:url('\/wp-content\/themes\/newsite\/timthumb.php?src=https:\/\/dgkinstal.com.pl\/wp-content\/uploads\/2020\/04\/IMG_1089.jpeg&h=400&f=2');\"><\/div><div class=\"hovered\" style=\"background-image:url('\/wp-content\/themes\/newsite\/timthumb.php?src=https:\/\/dgkinstal.com.pl\/wp-content\/uploads\/2020\/04\/IMG_1089.jpeg&h=400');\"><\/div><\/a><a href=\"https:\/\/dgkinstal.com.pl\/wp-content\/uploads\/2020\/04\/IMG_1092.jpeg\" title=\"IMG_1092\" class=\"lightbox-kml\"><div class=\"normal\" style=\"background-image:url('\/wp-content\/themes\/newsite\/timthumb.php?src=https:\/\/dgkinstal.com.pl\/wp-content\/uploads\/2020\/04\/IMG_1092.jpeg&h=400&f=2');\"><\/div><div class=\"hovered\" style=\"background-image:url('\/wp-content\/themes\/newsite\/timthumb.php?src=https:\/\/dgkinstal.com.pl\/wp-content\/uploads\/2020\/04\/IMG_1092.jpeg&h=400');\"><\/div><\/a><a href=\"https:\/\/dgkinstal.com.pl\/wp-content\/uploads\/2020\/04\/IMG_1103.jpeg\" title=\"IMG_1103\" class=\"lightbox-kml\"><div class=\"normal\" style=\"background-image:url('\/wp-content\/themes\/newsite\/timthumb.php?src=https:\/\/dgkinstal.com.pl\/wp-content\/uploads\/2020\/04\/IMG_1103.jpeg&h=400&f=2');\"><\/div><div class=\"hovered\" style=\"background-image:url('\/wp-content\/themes\/newsite\/timthumb.php?src=https:\/\/dgkinstal.com.pl\/wp-content\/uploads\/2020\/04\/IMG_1103.jpeg&h=400');\"><\/div><\/a><a href=\"https:\/\/dgkinstal.com.pl\/wp-content\/uploads\/2020\/04\/monta\u017c-maszyn-1@05x.jpg\" title=\"monta\u017c maszyn 1@0,5x\" class=\"lightbox-kml\"><div class=\"normal\" style=\"background-image:url('\/wp-content\/themes\/newsite\/timthumb.php?src=https:\/\/dgkinstal.com.pl\/wp-content\/uploads\/2020\/04\/monta\u017c-maszyn-1@05x.jpg&h=400&f=2');\"><\/div><div class=\"hovered\" style=\"background-image:url('\/wp-content\/themes\/newsite\/timthumb.php?src=https:\/\/dgkinstal.com.pl\/wp-content\/uploads\/2020\/04\/monta\u017c-maszyn-1@05x.jpg&h=400');\"><\/div><\/a><\/div>\r\n\t\t\t\t\t\t<div class=\"row\">\r\n\t\t\t\t\t\t\t<a  href=\"\" class=\"show-more-gallery button-kml\">Poka\u017c wi\u0119cej<\/a>\r\n\t\t\t\t\t\t<\/div>\r\n\t\t\t\t\t<div class=\"row gallery-row hide-me\"><a href=\"https:\/\/dgkinstal.com.pl\/wp-content\/uploads\/2020\/04\/safety-certyfikacja-budowa-maszyn@05x.jpg\" title=\"safety, certyfikacja, budowa maszyn@0,5x\" class=\"lightbox-kml\"><div class=\"normal\" style=\"background-image:url('\/wp-content\/themes\/newsite\/timthumb.php?src=https:\/\/dgkinstal.com.pl\/wp-content\/uploads\/2020\/04\/safety-certyfikacja-budowa-maszyn@05x.jpg&h=400&f=2');\"><\/div><div class=\"hovered\" style=\"background-image:url('\/wp-content\/themes\/newsite\/timthumb.php?src=https:\/\/dgkinstal.com.pl\/wp-content\/uploads\/2020\/04\/safety-certyfikacja-budowa-maszyn@05x.jpg&h=400');\"><\/div><\/a><\/div><\/div>\r\n\t\t<div class=\"row\">\r\n\t\t\t<div class=\"col-6 col-md-4 \"><a href=\"https:\/\/dgkinstal.com.pl\/?post_type=page&p=96#gallery\" class=\"button-kml\">Galeria: Hydraulika i pneumatyka si\u0142owa<\/a><\/div>\r\n\t\t\t<div class=\"col-6 col-md-4 offset-md-4\"><a href=\"https:\/\/dgkinstal.com.pl\/?post_type=page&p=10#gallery\" class=\"button-kml\">Galeria: Relokacje przemys\u0142owe<\/a><\/div>\r\n\t\t<\/div><div class=\"modal fade\" id=\"galleryModal\" tabindex=\"-1\" role=\"dialog\" aria-labelledby=\"exampleModalLabel\" aria-hidden=\"true\">\r\n\t\t<div class=\"modal-dialog  modal-xl modal-dialog-centered\" role=\"document\">\r\n\t\t\t<div class=\"modal-content\">\r\n\t\t\t\t<div class=\"modal-body\" style=\"background-position:center center;background-size:100px;background-repeat:no-repeat;background-image:url('\/wp-content\/themes\/newsite\/images\/loader.gif');\">\r\n\t\t\t\t\t<button type=\"button\" class=\"close\" data-dismiss=\"modal\" aria-label=\"Close\">\r\n\t\t\t\t\t\t<span aria-hidden=\"true\">&times;<\/span>\r\n\t\t\t\t\t<\/button>\r\n\t\t\t\t\t<img class=\"modal-image\" src=\"\" \/>\r\n\t\t\t\t<\/div>\r\n\t\t\t<\/div>\r\n\t\t<\/div>\r\n\t<\/div>\n\n\n\n<div style=\"height:20px\" aria-hidden=\"true\" class=\"wp-block-spacer\"><\/div>\n\n\n\n<pre class=\"wp-block-preformatted\"><strong>TAGI:<\/strong> <em>monta\u017c maszyn, naprawa maszyn, zmiana konstrukcji maszyn, certyfikacja CE, rozbudowa maszyn przemys\u0142owych, maszyny przemys\u0142owe, linie produkcyjne, monta\u017c linii produkcyjnych, serwis prewencyjny, serwis predykcyjny, utrzymanie ruchu maszyn (UR), serwis bie\u017c\u0105cy maszyn, dokumentacja techniczna maszyn.<\/em><\/pre>\n\n\n\n<div style=\"height:20px\" aria-hidden=\"true\" class=\"wp-block-spacer\"><\/div>\n","protected":false},"excerpt":{"rendered":"Wykonujemy serwisy i przegl\u0105dy okresowe maszyn i urz\u0105dze\u0144 przemys\u0142owych, zapewniaj\u0105c im tym samym warunki do bezproblemowej i bezawaryjnej pracy w d\u0142ugiej perspektywie. Nasze dzia\u0142ania zmierzaj\u0105 do zapewnienia Ci poczucia bezpiecze\u0144stwa wzgl\u0119dem urz\u0105dze\u0144 pracuj\u0105cych dla Ciebie. Gwarantujemy nieprzerwan\u0105 produkcj\u0119 oraz nieinwazyjne prace konserwatorsko \u2013 serwisowe, dostosowuj\u0105c si\u0119 przy tym do wszelkich przepis\u00f3w wewn\u0105trzzak\u0142adowych oraz stawianych nam&#8230; <a class=\"view-article\" href=\"https:\/\/dgkinstal.com.pl\/index.php\/oferowane-uslugi\/montaz-i-naprawa-maszyn\/\">View Article<\/a>","protected":false},"author":1,"featured_media":81,"parent":201,"menu_order":0,"comment_status":"closed","ping_status":"closed","template":"","meta":[],"_links":{"self":[{"href":"https:\/\/dgkinstal.com.pl\/index.php\/wp-json\/wp\/v2\/pages\/8"}],"collection":[{"href":"https:\/\/dgkinstal.com.pl\/index.php\/wp-json\/wp\/v2\/pages"}],"about":[{"href":"https:\/\/dgkinstal.com.pl\/index.php\/wp-json\/wp\/v2\/types\/page"}],"author":[{"embeddable":true,"href":"https:\/\/dgkinstal.com.pl\/index.php\/wp-json\/wp\/v2\/users\/1"}],"replies":[{"embeddable":true,"href":"https:\/\/dgkinstal.com.pl\/index.php\/wp-json\/wp\/v2\/comments?post=8"}],"version-history":[{"count":29,"href":"https:\/\/dgkinstal.com.pl\/index.php\/wp-json\/wp\/v2\/pages\/8\/revisions"}],"predecessor-version":[{"id":459,"href":"https:\/\/dgkinstal.com.pl\/index.php\/wp-json\/wp\/v2\/pages\/8\/revisions\/459"}],"up":[{"embeddable":true,"href":"https:\/\/dgkinstal.com.pl\/index.php\/wp-json\/wp\/v2\/pages\/201"}],"wp:featuredmedia":[{"embeddable":true,"href":"https:\/\/dgkinstal.com.pl\/index.php\/wp-json\/wp\/v2\/media\/81"}],"wp:attachment":[{"href":"https:\/\/dgkinstal.com.pl\/index.php\/wp-json\/wp\/v2\/media?parent=8"}],"curies":[{"name":"wp","href":"https:\/\/api.w.org\/{rel}","templated":true}]}}