{"id":12,"date":"2019-05-20T09:58:05","date_gmt":"2019-05-20T07:58:05","guid":{"rendered":"http:\/\/newsite.dgkinstal.com.pl\/?page_id=12"},"modified":"2020-04-20T12:48:29","modified_gmt":"2020-04-20T10:48:29","slug":"automatyka-przemyslowa","status":"publish","type":"page","link":"https:\/\/dgkinstal.com.pl\/index.php\/oferowane-uslugi\/automatyka-przemyslowa\/","title":{"rendered":"Automatyka i robotyka przemys\u0142owa"},"content":{"rendered":"<div class=\"row page-introduction\">\r\n\t\t<div class=\"col-12 col-md-6 header-parent\">\r\n\t\t\t<div class=\"col-12 col-md-6 offset-md-6 introduction-title\">\r\n\t\t\t\tAutomatyka i robotyka przemys\u0142owa\r\n\t\t\t<\/div>\r\n\t\t<\/div>\r\n\t\t<div class=\"col-12 col-md-6 text-parent\">\r\n\t\t\t<div class=\"col-12 introduction-text\">\r\n\t\t\t\tNaszym g\u0142\u00f3wnym celem jest zwi\u0119kszenie wolumenu oraz optymalizacja koszt\u00f3w produkcyjnych, poprzez automatyzacj\u0119 proces\u00f3w. Oferujemy kompleksowe rozwi\u0105zania i wsparcie od projektu, przez wykonawstwo i dokumentacj\u0119, ko\u0144cz\u0105c na serwisie i utrzymaniu sprawno\u015bci wykonanego stanowiska. Znaj\u0105c Twoje cele i za\u0142o\u017cenia proponujemy rozwi\u0105zania konstrukcyjne zwi\u0105zane z automatyzacj\u0105 proces\u00f3w.\r\n\t\t\t<\/div>\r\n\t\t<\/div>\r\n\t<\/div>\n\n\n<div class=\"header-kml\"><span>W ramach us\u0142ugi proponujemy<\/span><\/div>\n\n\n<p><div class=\"row\"><br \/>\n<div class=\"col-12 col-sm-6 col-md-4\">\r\n\t\t<div class=\"uslugi-box-kml smaller-box\">\r\n\t\t\t<div class=\"box-header\">Konsultacj\u0119 i <span>doradztwo <\/span><\/span><\/div>\r\n\t\t\t<div class=\"box-subheader\">In\u017cynierowie wdro\u017ceniowi opracuj\u0105 dla Ciebie optymalne rozwi\u0105zania,<\/div>\r\n\t\t\t<div class=\"box-content\">analizuj\u0105c kompleksowo Twoje potrzeby automatyzacji.<\/div>\r\n\t\t<\/div>\r\n\t<\/div><br \/>\n<div class=\"col-12 col-sm-6 col-md-4\">\r\n\t\t<div class=\"uslugi-box-kml smaller-box\">\r\n\t\t\t<div class=\"box-header\">Automatyzacj\u0119 <span>proces\u00f3w <span>produkcji <\/span><\/span><\/div>\r\n\t\t\t<div class=\"box-subheader\">Automatyzacja wszelkich aspekt\u00f3w produkcyjnych i oko\u0142oprodukcyjnych<\/div>\r\n\t\t\t<div class=\"box-content\"><\/div>\r\n\t\t<\/div>\r\n\t<\/div><br \/>\n<div class=\"col-12 col-sm-6 col-md-4\">\r\n\t\t<div class=\"uslugi-box-kml smaller-box\">\r\n\t\t\t<div class=\"box-header\">Kompleksowe <span>wyposa\u017cenie <span>hal. <\/span><\/span><\/div>\r\n\t\t\t<div class=\"box-subheader\">Podzespo\u0142y i zespo\u0142y urz\u0105dze\u0144, szybkie dostawy, pe\u0142ne spektrum zaopatrzenia<\/div>\r\n\t\t\t<div class=\"box-content\"><\/div>\r\n\t\t<\/div>\r\n\t<\/div><br \/>\n<\/div><br \/>\n<div class=\"row\"><br \/>\n<div class=\"col-12 col-sm-6 col-md-4\">\r\n\t\t<div class=\"uslugi-box-kml smaller-box\">\r\n\t\t\t<div class=\"box-header\">Pe\u0142n\u0105 <span>lub <span>cz\u0119\u015bciow\u0105 <span>robotyzacj\u0119 <span>produkcji <\/span><\/span><\/div>\r\n\t\t\t<div class=\"box-subheader\">Dostosowany do Twoich potrzeb projekt automatyzacji przedsi\u0119biorstwa.<\/div>\r\n\t\t\t<div class=\"box-content\">Szkolenie operator\u00f3w i inspektor\u00f3w technicznych.<\/div>\r\n\t\t<\/div>\r\n\t<\/div><br \/>\n<div class=\"col-12 col-sm-6 col-md-4\">\r\n\t\t<div class=\"uslugi-box-kml smaller-box\">\r\n\t\t\t<div class=\"box-header\">Integracja <span>ci\u0105g\u00f3w <span>produkcyjnych <\/span><\/span><\/div>\r\n\t\t\t<div class=\"box-subheader\">Doposa\u017cenie stanowisk roboczych.<\/div>\r\n\t\t\t<div class=\"box-content\">Dostosowanie stanowisk do wymog\u00f3w unijnych pod wzgl\u0119dem wyposa\u017cenia, BHP itp.<\/div>\r\n\t\t<\/div>\r\n\t<\/div><br \/>\n<div class=\"col-12 col-sm-6 col-md-4\">\r\n\t\t<div class=\"uslugi-box-kml smaller-box\">\r\n\t\t\t<div class=\"box-header\">Usprawnienie <span>proces\u00f3w <span>technologicznych i <span>logistycznych <\/span><\/span><\/div>\r\n\t\t\t<div class=\"box-subheader\">Wsparcie kadry przy zamykaniu \u0142a\u0144cuch dystrybucyjnego, organizacja dostaw, fracht\u00f3w, kompleksowa obs\u0142uga.<\/div>\r\n\t\t\t<div class=\"box-content\"><\/div>\r\n\t\t<\/div>\r\n\t<\/div><br \/>\n<\/div><\/p>\n\n\n<div class=\"tryptyk row pl_PL\">\r\n\t\t<div class=\"col-12 col-md-4\">\r\n\t\t\t<div class=\"t-box\">\r\n\t\t\t\t<img src=\"\/wp-content\/themes\/newsite\/images\/t1.png\" \/>\r\n\t\t\t\t<div class=\"t-header\">Terminowo<\/div>\r\n\t\t\t\t<div class=\"t-content\">Pracujemy wg. Rygorystycznych re\u017cim\u00f3w czasowych, daj\u0105c Ci gwarancj\u0119 szybkiej i realizacji powierzonych zlece\u0144.<\/div>\r\n\t\t\t<\/div>\r\n\t\t<\/div>\r\n\t\t<div class=\"col-12 col-md-4\">\r\n\t\t\t<div class=\"t-box\">\r\n\t\t\t\t<img src=\"\/wp-content\/themes\/newsite\/images\/t2.png\" \/>\r\n\t\t\t\t<div class=\"t-header\">Bezpiecznie<\/div>\r\n\t\t\t\t<div class=\"t-content\">Atestowany sprz\u0119t, nowoczesne rozwi\u0105zania i wa\u017cna polisa OC w ramach zleconej pracy to dla nas standard!<\/div>\r\n\t\t\t<\/div>\r\n\t\t<\/div>\r\n\t\t<div class=\"col-12 col-md-4\">\r\n\t\t\t<div class=\"t-box\">\r\n\t\t\t\t<img src=\"\/wp-content\/themes\/newsite\/images\/t3.png\" \/>\r\n\t\t\t\t<div class=\"t-header\">Profesjonalnie<\/div>\r\n\t\t\t\t<div class=\"t-content\">Sprawdzone rozwi\u0105zania, wieloletnie do\u015bwiadczenie i nowoczesne podej\u015bcie do realizacji projekt\u00f3w.<\/div>\r\n\t\t\t<\/div>\r\n\t\t<\/div>\r\n\t<\/div>\n\n\n\n<div style=\"height:40px\" aria-hidden=\"true\" class=\"wp-block-spacer\"><\/div>\n\n\n\n<p class=\"has-medium-font-size\">Nasz priorytet to skuteczne rozwi\u0105zanie automatyzacji produkcji z uwzgl\u0119dnieniem kwestii ekonomicznych. Automatyka i robotyka, a w\u0142a\u015bciwie automatyzacja i robotyzacja stanowisk produkcyjnych, to wdro\u017cenia niezb\u0119dne w ka\u017cdym zak\u0142adzie produkcyjnym, skupionym na efektywno\u015bci i du\u017cej skali przedsi\u0119wzi\u0119cia. Nasze rozwi\u0105zania techniczno \u2013 serwisowe zapewniaj\u0105 nieprzerwan\u0105 prac\u0119 Twoich linii produkcyjnych, hal monta\u017cowych i innych stanowisk pracy. <\/p>\n\n\n\n<p class=\"has-medium-font-size\">Jednym z g\u0142\u00f3wnych zaj\u0119\u0107 naszych automatyk\u00f3w jest modernizacja ju\u017c istniej\u0105cych wdro\u017ce\u0144. Proponujemy pe\u0142en przegl\u0105d dokumentacji oraz realizacji, jej aktualizacj\u0119, a tak\u017ce wprowadzenie zmian w procesach produkcyjnych, kt\u00f3re przek\u0142adaj\u0105 si\u0119 na zwi\u0119kszenie wydajno\u015bci, stabilizacj\u0119 parametr\u00f3w pracy czy wreszcie lepsz\u0105 i bezawaryjn\u0105 prac\u0119 urz\u0105dze\u0144 i ca\u0142ych linii. Zajmujemy si\u0119 projektowaniem i wykonaniem system\u00f3w zabezpieczaj\u0105cych (safety) wraz z bramami dost\u0119powymi, urz\u0105dzeniami zatrzymuj\u0105cymi prac\u0119 (e-stop, kurtyny \u015bwietlne itp.). Gwarantujemy pe\u0142n\u0105 dokumentacj\u0119 po wykonawcz\u0105, w tym tak\u017ce dost\u0119p do projekt\u00f3w w formatach elektronicznych (np. E-Plan). <\/p>\n\n\n\n<p><\/p>\n\n\n\n<p class=\"has-medium-font-size\">Pracujemy i programujemy sprz\u0119t najwi\u0119kszych \u015bwiatowych marek: <strong>Siemens, Fanuc, ABB, Allen-Bradley (Rockwell Automation)<\/strong> i innych.<\/p>\n\n\n\n<p class=\"has-medium-font-size\">Wdro\u017cenia automatyzacji s\u0105 jednych z najbardziej z\u0142o\u017conych proces\u00f3w w drodze do rozwoju ka\u017cdego przedsi\u0119biorstwa. Niezale\u017cnie od tego, jak obecnie wygl\u0105da proces produkcyjny w Twojej firmie, mo\u017cemy uczyni\u0107 go bardziej ekonomicznym, dzi\u0119ki zastosowaniu robot\u00f3w i urz\u0105dze\u0144 automatycznych. To dzi\u0119ki takim dzia\u0142aniom przyczyniamy si\u0119 do sukces\u00f3w naszych klient\u00f3w!<\/p>\n\n\n\n<div style=\"height:20px\" aria-hidden=\"true\" class=\"wp-block-spacer\"><\/div>\n\n\n<div class=\"row\"><br \/>\n<div class=\"col-12\"><div class=\"row\"><div class=\"col-12 col-md-4 offset-md-4\"><button data-target=\"1776611780\" class=\"reveal_button\">Zobacz co jeszcze proponujemy<\/button><\/div><\/div><\/div>\r\n\t\t\t<div id=\"1776611780\" class=\"hidden_boxes\"><div class=\"row\"><br \/>\n<div class=\"col-12 col-sm-6 col-md-4\">\r\n\t\t<div class=\"uslugi-box-kml smaller-box\">\r\n\t\t\t<div class=\"box-header\">Automatyka i <span>sterowanie <span>procesem <\/span><\/span><\/div>\r\n\t\t\t<div class=\"box-subheader\"><\/div>\r\n\t\t\t<div class=\"box-content\"><\/div>\r\n\t\t<\/div>\r\n\t<\/div><br \/>\n<div class=\"col-12 col-sm-6 col-md-4\">\r\n\t\t<div class=\"uslugi-box-kml smaller-box\">\r\n\t\t\t<div class=\"box-header\">Wdra\u017canie i <span>integracja <span>system\u00f3w <span>pomiarowych <\/span><\/span><\/div>\r\n\t\t\t<div class=\"box-subheader\"><\/div>\r\n\t\t\t<div class=\"box-content\"><\/div>\r\n\t\t<\/div>\r\n\t<\/div><br \/>\n<div class=\"col-12 col-sm-6 col-md-4\">\r\n\t\t<div class=\"uslugi-box-kml smaller-box\">\r\n\t\t\t<div class=\"box-header\">Poprawa <span>produkcyjnych <span>parametr\u00f3w <span>pracy <\/span><\/span><\/div>\r\n\t\t\t<div class=\"box-subheader\"><\/div>\r\n\t\t\t<div class=\"box-content\"><\/div>\r\n\t\t<\/div>\r\n\t<\/div><br \/>\n<div class=\"col-12 col-sm-6 col-md-4\">\r\n\t\t<div class=\"uslugi-box-kml smaller-box\">\r\n\t\t\t<div class=\"box-header\">Automatyka <span>procesowa <\/span><\/span><\/div>\r\n\t\t\t<div class=\"box-subheader\"><\/div>\r\n\t\t\t<div class=\"box-content\"><\/div>\r\n\t\t<\/div>\r\n\t<\/div><br \/>\n<div class=\"col-12 col-sm-6 col-md-4\">\r\n\t\t<div class=\"uslugi-box-kml smaller-box\">\r\n\t\t\t<div class=\"box-header\">Aplikacje <span>wspieraj\u0105ce <span>produkcj\u0119 i <span>zarz\u0105dzanie <\/span><\/span><\/div>\r\n\t\t\t<div class=\"box-subheader\"><\/div>\r\n\t\t\t<div class=\"box-content\"><\/div>\r\n\t\t<\/div>\r\n\t<\/div><br \/>\n<div class=\"col-12 col-sm-6 col-md-4\">\r\n\t\t<div class=\"uslugi-box-kml smaller-box\">\r\n\t\t\t<div class=\"box-header\">Wdra\u017canie <span>robot\u00f3w i <span>kobot\u00f3w <span>przemys\u0142owych <\/span><\/span><\/div>\r\n\t\t\t<div class=\"box-subheader\"><\/div>\r\n\t\t\t<div class=\"box-content\"><\/div>\r\n\t\t<\/div>\r\n\t<\/div><br \/>\n<div class=\"col-12 col-sm-6 col-md-4\">\r\n\t\t<div class=\"uslugi-box-kml smaller-box\">\r\n\t\t\t<div class=\"box-header\">Zdalne <span>monitorowanie <span>proces\u00f3w <\/span><\/span><\/div>\r\n\t\t\t<div class=\"box-subheader\"><\/div>\r\n\t\t\t<div class=\"box-content\"><\/div>\r\n\t\t<\/div>\r\n\t<\/div><br \/>\n<div class=\"col-12 col-sm-6 col-md-4\">\r\n\t\t<div class=\"uslugi-box-kml smaller-box\">\r\n\t\t\t<div class=\"box-header\">Wizualizacja <span>sterowania na <span>panelach <span>HMI <\/span><\/span><\/div>\r\n\t\t\t<div class=\"box-subheader\"><\/div>\r\n\t\t\t<div class=\"box-content\"><\/div>\r\n\t\t<\/div>\r\n\t<\/div><br \/>\n<div class=\"col-12 col-sm-6 col-md-4\">\r\n\t\t<div class=\"uslugi-box-kml smaller-box\">\r\n\t\t\t<div class=\"box-header\">Projekt i <span>monta\u017c <span>system\u00f3w <span>bezpiecze\u0144stwa <\/span><\/span><\/div>\r\n\t\t\t<div class=\"box-subheader\"><\/div>\r\n\t\t\t<div class=\"box-content\"><\/div>\r\n\t\t<\/div>\r\n\t<\/div><br \/>\n<\/div><\/div><br \/>\n<\/div>\n\n\n\n<div style=\"height:20px\" aria-hidden=\"true\" class=\"wp-block-spacer\"><\/div>\n\n\n<div class=\"header-kml\"><span>Jak wdra\u017camy automatyzacj\u0119?<\/span><\/div>\n\n\n<div class=\"gallery-kml\">\r\n\t\t<a id=\"gallery\">&nbsp;<\/a><div class=\"row\"><a href=\"https:\/\/dgkinstal.com.pl\/wp-content\/uploads\/2020\/04\/IMG_3164.jpeg\" title=\"01 Automatyka i robotyka przemys\u0142owa sterowniki Allen Bradley IMG_3164\" class=\"lightbox-kml\"><div class=\"normal\" style=\"background-image:url('\/wp-content\/themes\/newsite\/timthumb.php?src=https:\/\/dgkinstal.com.pl\/wp-content\/uploads\/2020\/04\/IMG_3164.jpeg&h=400&f=2');\"><\/div><div class=\"hovered\" style=\"background-image:url('\/wp-content\/themes\/newsite\/timthumb.php?src=https:\/\/dgkinstal.com.pl\/wp-content\/uploads\/2020\/04\/IMG_3164.jpeg&h=400');\"><\/div><\/a><a href=\"https:\/\/dgkinstal.com.pl\/wp-content\/uploads\/2020\/04\/01-automatyka-przemys\u0142owa-IMG_20190517_095254.jpg\" title=\"01 automatyka przemys\u0142owa IMG_20190517_095254\" class=\"lightbox-kml\"><div class=\"normal\" style=\"background-image:url('\/wp-content\/themes\/newsite\/timthumb.php?src=https:\/\/dgkinstal.com.pl\/wp-content\/uploads\/2020\/04\/01-automatyka-przemys\u0142owa-IMG_20190517_095254.jpg&h=400&f=2');\"><\/div><div class=\"hovered\" style=\"background-image:url('\/wp-content\/themes\/newsite\/timthumb.php?src=https:\/\/dgkinstal.com.pl\/wp-content\/uploads\/2020\/04\/01-automatyka-przemys\u0142owa-IMG_20190517_095254.jpg&h=400');\"><\/div><\/a><a href=\"https:\/\/dgkinstal.com.pl\/wp-content\/uploads\/2020\/04\/02-automatyka-przemys\u0142owa.jpg\" title=\"02 automatyka przemys\u0142owa\" class=\"lightbox-kml\"><div class=\"normal\" style=\"background-image:url('\/wp-content\/themes\/newsite\/timthumb.php?src=https:\/\/dgkinstal.com.pl\/wp-content\/uploads\/2020\/04\/02-automatyka-przemys\u0142owa.jpg&h=400&f=2');\"><\/div><div class=\"hovered\" style=\"background-image:url('\/wp-content\/themes\/newsite\/timthumb.php?src=https:\/\/dgkinstal.com.pl\/wp-content\/uploads\/2020\/04\/02-automatyka-przemys\u0142owa.jpg&h=400');\"><\/div><\/a><a href=\"https:\/\/dgkinstal.com.pl\/wp-content\/uploads\/2020\/04\/03-Automatyka-przemys\u0142owa-IMG_20190517_100249.jpg\" title=\"03 Automatyka przemys\u0142owa IMG_20190517_100249\" class=\"lightbox-kml\"><div class=\"normal\" style=\"background-image:url('\/wp-content\/themes\/newsite\/timthumb.php?src=https:\/\/dgkinstal.com.pl\/wp-content\/uploads\/2020\/04\/03-Automatyka-przemys\u0142owa-IMG_20190517_100249.jpg&h=400&f=2');\"><\/div><div class=\"hovered\" style=\"background-image:url('\/wp-content\/themes\/newsite\/timthumb.php?src=https:\/\/dgkinstal.com.pl\/wp-content\/uploads\/2020\/04\/03-Automatyka-przemys\u0142owa-IMG_20190517_100249.jpg&h=400');\"><\/div><\/a><\/div><div class=\"row\"><a href=\"https:\/\/dgkinstal.com.pl\/wp-content\/uploads\/2020\/04\/03-automatyka-przemys\u0142owa.jpg\" title=\"03 automatyka przemys\u0142owa\" class=\"lightbox-kml\"><div class=\"normal\" style=\"background-image:url('\/wp-content\/themes\/newsite\/timthumb.php?src=https:\/\/dgkinstal.com.pl\/wp-content\/uploads\/2020\/04\/03-automatyka-przemys\u0142owa.jpg&h=400&f=2');\"><\/div><div class=\"hovered\" style=\"background-image:url('\/wp-content\/themes\/newsite\/timthumb.php?src=https:\/\/dgkinstal.com.pl\/wp-content\/uploads\/2020\/04\/03-automatyka-przemys\u0142owa.jpg&h=400');\"><\/div><\/a><a href=\"https:\/\/dgkinstal.com.pl\/wp-content\/uploads\/2020\/04\/Automatyka-Przemys\u0142owa-i-Robotyka-IMG2020-02-12.jpg\" title=\"Automatyka Przemys\u0142owa i Robotyka IMG2020-02-12\" class=\"lightbox-kml\"><div class=\"normal\" style=\"background-image:url('\/wp-content\/themes\/newsite\/timthumb.php?src=https:\/\/dgkinstal.com.pl\/wp-content\/uploads\/2020\/04\/Automatyka-Przemys\u0142owa-i-Robotyka-IMG2020-02-12.jpg&h=400&f=2');\"><\/div><div class=\"hovered\" style=\"background-image:url('\/wp-content\/themes\/newsite\/timthumb.php?src=https:\/\/dgkinstal.com.pl\/wp-content\/uploads\/2020\/04\/Automatyka-Przemys\u0142owa-i-Robotyka-IMG2020-02-12.jpg&h=400');\"><\/div><\/a><a href=\"https:\/\/dgkinstal.com.pl\/wp-content\/uploads\/2020\/04\/Automatyka-przemys\u0142owa-IMG2020-02-03.jpg\" title=\"Automatyka przemys\u0142owa IMG2020-02-03\" class=\"lightbox-kml\"><div class=\"normal\" style=\"background-image:url('\/wp-content\/themes\/newsite\/timthumb.php?src=https:\/\/dgkinstal.com.pl\/wp-content\/uploads\/2020\/04\/Automatyka-przemys\u0142owa-IMG2020-02-03.jpg&h=400&f=2');\"><\/div><div class=\"hovered\" style=\"background-image:url('\/wp-content\/themes\/newsite\/timthumb.php?src=https:\/\/dgkinstal.com.pl\/wp-content\/uploads\/2020\/04\/Automatyka-przemys\u0142owa-IMG2020-02-03.jpg&h=400');\"><\/div><\/a><a href=\"https:\/\/dgkinstal.com.pl\/wp-content\/uploads\/2020\/04\/Automatyka-przemys\u0142owa-IMG2020-02-03_12.jpg\" title=\"Automatyka przemys\u0142owa IMG2020-02-03_12\" class=\"lightbox-kml\"><div class=\"normal\" style=\"background-image:url('\/wp-content\/themes\/newsite\/timthumb.php?src=https:\/\/dgkinstal.com.pl\/wp-content\/uploads\/2020\/04\/Automatyka-przemys\u0142owa-IMG2020-02-03_12.jpg&h=400&f=2');\"><\/div><div class=\"hovered\" style=\"background-image:url('\/wp-content\/themes\/newsite\/timthumb.php?src=https:\/\/dgkinstal.com.pl\/wp-content\/uploads\/2020\/04\/Automatyka-przemys\u0142owa-IMG2020-02-03_12.jpg&h=400');\"><\/div><\/a><\/div><\/div>\r\n\t\t<div class=\"row\">\r\n\t\t\t<div class=\"col-6 col-md-4 \"><a href=\"https:\/\/dgkinstal.com.pl\/?post_type=page&p=116#gallery\" class=\"button-kml\">Galeria: Dostosowanie i certyfikacja maszyn (CE)<\/a><\/div>\r\n\t\t\t<div class=\"col-6 col-md-4 offset-md-4\"><a href=\"https:\/\/dgkinstal.com.pl\/?post_type=page&p=96#gallery\" class=\"button-kml\">Galeria: Hydraulika i pneumatyka si\u0142owa<\/a><\/div>\r\n\t\t<\/div><div class=\"modal fade\" id=\"galleryModal\" tabindex=\"-1\" role=\"dialog\" aria-labelledby=\"exampleModalLabel\" aria-hidden=\"true\">\r\n\t\t<div class=\"modal-dialog  modal-xl modal-dialog-centered\" role=\"document\">\r\n\t\t\t<div class=\"modal-content\">\r\n\t\t\t\t<div class=\"modal-body\" style=\"background-position:center center;background-size:100px;background-repeat:no-repeat;background-image:url('\/wp-content\/themes\/newsite\/images\/loader.gif');\">\r\n\t\t\t\t\t<button type=\"button\" class=\"close\" data-dismiss=\"modal\" aria-label=\"Close\">\r\n\t\t\t\t\t\t<span aria-hidden=\"true\">&times;<\/span>\r\n\t\t\t\t\t<\/button>\r\n\t\t\t\t\t<img class=\"modal-image\" src=\"\" \/>\r\n\t\t\t\t<\/div>\r\n\t\t\t<\/div>\r\n\t\t<\/div>\r\n\t<\/div>\n\n\n\n<pre class=\"wp-block-preformatted\"><strong>TAGI:<\/strong> automatyka, automatyzacja przedsi\u0119biorstw, robotyka, kontrola proces\u00f3w produkcyjnych, optymalizacja produkcji, zwi\u0119kszanie wydajno\u015bci produkcji, programowanie maszyn, programowanie urz\u0105dze\u0144, programowanie przemys\u0142owe, programowanie sterownik\u00f3w, programowanie PLC, modernizacja oprogramowania, modernizacja sterowania maszynami, instalacje bezpiecze\u0144stwa ProfiSafe, projekty ProfiSafe, pomiary przep\u0142ywu, pomiary temperatury, rejestratory i regulatory, monitorowanie silnik\u00f3w, pomiary nacisku, pomiary napr\u0119\u017cenia, wagi i urz\u0105dzenia miernicze, <\/pre>\n\n\n\n<p> <\/p>\n","protected":false},"excerpt":{"rendered":"Nasz priorytet to skuteczne rozwi\u0105zanie automatyzacji produkcji z uwzgl\u0119dnieniem kwestii ekonomicznych. Automatyka i robotyka, a w\u0142a\u015bciwie automatyzacja i robotyzacja stanowisk produkcyjnych, to wdro\u017cenia niezb\u0119dne w ka\u017cdym zak\u0142adzie produkcyjnym, skupionym na efektywno\u015bci i du\u017cej skali przedsi\u0119wzi\u0119cia. Nasze rozwi\u0105zania techniczno \u2013 serwisowe zapewniaj\u0105 nieprzerwan\u0105 prac\u0119 Twoich linii produkcyjnych, hal monta\u017cowych i innych stanowisk pracy. Jednym z g\u0142\u00f3wnych&#8230; <a class=\"view-article\" href=\"https:\/\/dgkinstal.com.pl\/index.php\/oferowane-uslugi\/automatyka-przemyslowa\/\">View Article<\/a>","protected":false},"author":1,"featured_media":86,"parent":201,"menu_order":1,"comment_status":"closed","ping_status":"closed","template":"","meta":[],"_links":{"self":[{"href":"https:\/\/dgkinstal.com.pl\/index.php\/wp-json\/wp\/v2\/pages\/12"}],"collection":[{"href":"https:\/\/dgkinstal.com.pl\/index.php\/wp-json\/wp\/v2\/pages"}],"about":[{"href":"https:\/\/dgkinstal.com.pl\/index.php\/wp-json\/wp\/v2\/types\/page"}],"author":[{"embeddable":true,"href":"https:\/\/dgkinstal.com.pl\/index.php\/wp-json\/wp\/v2\/users\/1"}],"replies":[{"embeddable":true,"href":"https:\/\/dgkinstal.com.pl\/index.php\/wp-json\/wp\/v2\/comments?post=12"}],"version-history":[{"count":30,"href":"https:\/\/dgkinstal.com.pl\/index.php\/wp-json\/wp\/v2\/pages\/12\/revisions"}],"predecessor-version":[{"id":1015,"href":"https:\/\/dgkinstal.com.pl\/index.php\/wp-json\/wp\/v2\/pages\/12\/revisions\/1015"}],"up":[{"embeddable":true,"href":"https:\/\/dgkinstal.com.pl\/index.php\/wp-json\/wp\/v2\/pages\/201"}],"wp:featuredmedia":[{"embeddable":true,"href":"https:\/\/dgkinstal.com.pl\/index.php\/wp-json\/wp\/v2\/media\/86"}],"wp:attachment":[{"href":"https:\/\/dgkinstal.com.pl\/index.php\/wp-json\/wp\/v2\/media?parent=12"}],"curies":[{"name":"wp","href":"https:\/\/api.w.org\/{rel}","templated":true}]}}