{"id":114,"date":"2019-05-23T13:00:35","date_gmt":"2019-05-23T11:00:35","guid":{"rendered":"http:\/\/newsite.dgkinstal.com.pl\/?page_id=114"},"modified":"2020-06-22T11:08:34","modified_gmt":"2020-06-22T09:08:34","slug":"serwis-maszyn-przemyslowych-utrzymanie-ruchu","status":"publish","type":"page","link":"https:\/\/dgkinstal.com.pl\/index.php\/oferowane-uslugi\/serwis-maszyn-przemyslowych-utrzymanie-ruchu\/","title":{"rendered":"Utrzymanie ruchu"},"content":{"rendered":"\n<div class=\"row page-introduction\">\r\n\t\t<div class=\"col-12 col-md-6 header-parent\">\r\n\t\t\t<div class=\"col-12 col-md-6 offset-md-6 introduction-title\">\r\n\t\t\t\tUtrzymanie ruchu\r\n\t\t\t<\/div>\r\n\t\t<\/div>\r\n\t\t<div class=\"col-12 col-md-6 text-parent\">\r\n\t\t\t<div class=\"col-12 introduction-text\">\r\n\t\t\t\tWykonujemy serwisy i przegl\u0105dy okresowe maszyn i urz\u0105dze\u0144 przemys\u0142owych, zapewniaj\u0105c im tym samym warunki do bezproblemowej i bezawaryjnej pracy w d\u0142ugiej perspektywie.  Dzia\u0142amy na zasadzie Outsourcingu w utrzymaniu ruchu, oddaj\u0105c do Twojej dyspozycji grono naszych fachowc\u00f3w. Dzia\u0142amy przede wszystkim prewencyjnie, co wp\u0142ywa przede wszystkim na zmniejszenie ryzyka uszkodzenia parku maszynowego, a tak\u017ce unikni\u0119cia kosztownych przestoj\u00f3w.\r\n\t\t\t<\/div>\r\n\t\t<\/div>\r\n\t<\/div>\n\n\n\n<div class=\"header-kml\"><span>W ramach us\u0142ugi proponujemy<\/span><\/div>\n\n\n<div class=\"row\"><br \/>\n<div class=\"col-12 col-sm-6 col-md-4\">\r\n\t\t<div class=\"uslugi-box-kml smaller-box\">\r\n\t\t\t<div class=\"box-header\">Dzia\u0142ania <span>prewencyjne <\/span><\/span><\/div>\r\n\t\t\t<div class=\"box-subheader\">Nadzorowanie stanu technicznego urz\u0105dze\u0144<\/div>\r\n\t\t\t<div class=\"box-content\">Planowanie przegl\u0105d\u00f3w, konserwacji, ma\u0142ych i du\u017cych serwis\u00f3w okresowych.<\/div>\r\n\t\t<\/div>\r\n\t<\/div><br \/>\n<div class=\"col-12 col-sm-6 col-md-4\">\r\n\t\t<div class=\"uslugi-box-kml smaller-box\">\r\n\t\t\t<div class=\"box-header\">Dokumentacja <span>modernizacyjna <\/span><\/span><\/div>\r\n\t\t\t<div class=\"box-subheader\">Pe\u0142na dokumentacja techniczna prac i podj\u0119tych dzia\u0142a\u0144<\/div>\r\n\t\t\t<div class=\"box-content\">Raporty, dokumentacja zdj\u0119ciowa i serwisowa, rysunki, schematy, certyfikacja.<\/div>\r\n\t\t<\/div>\r\n\t<\/div><br \/>\n<div class=\"col-12 col-sm-6 col-md-4\">\r\n\t\t<div class=\"uslugi-box-kml smaller-box\">\r\n\t\t\t<div class=\"box-header\">Modernizacja <span>dokumentacji <\/span><\/span><\/div>\r\n\t\t\t<div class=\"box-subheader\">Twoja dokumentacja papierowa w wersji cyfrowej<\/div>\r\n\t\t\t<div class=\"box-content\">Odtwarzanie dokumentacji starych urz\u0105dze\u0144, aktualizacja schemat\u00f3w mechanicznych, elektrycznych, pneumatycznych itp..<\/div>\r\n\t\t<\/div>\r\n\t<\/div><br \/>\n<\/div>\n<div class=\"row\"><br \/>\n<div class=\"col-12 col-sm-6 col-md-4\">\r\n\t\t<div class=\"uslugi-box-kml smaller-box\">\r\n\t\t\t<div class=\"box-header\">Audyty <span>maszyn <\/span><\/span><\/div>\r\n\t\t\t<div class=\"box-subheader\">Nadz\u00f3r nad funkcjonalno\u015bci\u0105 i dokumentacj\u0105 urz\u0105dze\u0144<\/div>\r\n\t\t\t<div class=\"box-content\">Prace dostosowawcze w zakresie zgodno\u015bci urz\u0105dze\u0144 z dyrektywami.<\/div>\r\n\t\t<\/div>\r\n\t<\/div><br \/>\n<div class=\"col-12 col-sm-6 col-md-4\">\r\n\t\t<div class=\"uslugi-box-kml smaller-box\">\r\n\t\t\t<div class=\"box-header\">Interwencyjne <span>Utrzymanie <span>Ruchu <\/span><\/span><\/div>\r\n\t\t\t<div class=\"box-subheader\">Mobilizacja brygady nawet w 2 godziny<\/div>\r\n\t\t\t<div class=\"box-content\">Zale\u017cnie od obranego planu serwisowego \/ obs\u0142ugowego.<\/div>\r\n\t\t<\/div>\r\n\t<\/div><br \/>\n<div class=\"col-12 col-sm-6 col-md-4\">\r\n\t\t<div class=\"uslugi-box-kml smaller-box\">\r\n\t\t\t<div class=\"box-header\">Pomiary i <span>legalizacja <\/span><\/span><\/div>\r\n\t\t\t<div class=\"box-subheader\">Pe\u0142en wachlarz us\u0142ug dodanych<\/div>\r\n\t\t\t<div class=\"box-content\">Kompleksowa realizacja zlece\u0144 w oparciu o pozosta\u0142e us\u0142ugi firmy.<\/div>\r\n\t\t<\/div>\r\n\t<\/div><br \/>\n<\/div>\n\n\n<div class=\"tryptyk row pl_PL\">\r\n\t\t<div class=\"col-12 col-md-4\">\r\n\t\t\t<div class=\"t-box\">\r\n\t\t\t\t<img src=\"\/wp-content\/themes\/newsite\/images\/t1.png\" \/>\r\n\t\t\t\t<div class=\"t-header\">Terminowo<\/div>\r\n\t\t\t\t<div class=\"t-content\">Pracujemy wg. Rygorystycznych re\u017cim\u00f3w czasowych, daj\u0105c Ci gwarancj\u0119 szybkiej i realizacji powierzonych zlece\u0144.<\/div>\r\n\t\t\t<\/div>\r\n\t\t<\/div>\r\n\t\t<div class=\"col-12 col-md-4\">\r\n\t\t\t<div class=\"t-box\">\r\n\t\t\t\t<img src=\"\/wp-content\/themes\/newsite\/images\/t2.png\" \/>\r\n\t\t\t\t<div class=\"t-header\">Bezpiecznie<\/div>\r\n\t\t\t\t<div class=\"t-content\">Atestowany sprz\u0119t, nowoczesne rozwi\u0105zania i wa\u017cna polisa OC w ramach zleconej pracy to dla nas standard!<\/div>\r\n\t\t\t<\/div>\r\n\t\t<\/div>\r\n\t\t<div class=\"col-12 col-md-4\">\r\n\t\t\t<div class=\"t-box\">\r\n\t\t\t\t<img src=\"\/wp-content\/themes\/newsite\/images\/t3.png\" \/>\r\n\t\t\t\t<div class=\"t-header\">Profesjonalnie<\/div>\r\n\t\t\t\t<div class=\"t-content\">Sprawdzone rozwi\u0105zania, wieloletnie do\u015bwiadczenie i nowoczesne podej\u015bcie do realizacji projekt\u00f3w.<\/div>\r\n\t\t\t<\/div>\r\n\t\t<\/div>\r\n\t<\/div>\n\n\n\n<div style=\"height:40px\" aria-hidden=\"true\" class=\"wp-block-spacer\"><\/div>\n\n\n\n<p class=\"has-medium-font-size\">Nasze dzia\u0142ania zmierzaj\u0105 do zapewnienia Ci poczucia bezpiecze\u0144stwa wzgl\u0119dem urz\u0105dze\u0144 pracuj\u0105cych dla Ciebie. Gwarantujemy nieprzerwan\u0105 produkcj\u0119 oraz nieinwazyjne prace konserwatorsko \u2013 serwisowe, dostosowuj\u0105c si\u0119 przy tym do wszelkich przepis\u00f3w wewn\u0105trzzak\u0142adowych oraz stawianych nam wymaga\u0144. Spektrum dzia\u0142a\u0144 pozwala przy tym zagwarantowa\u0107 kompleksow\u0105 obs\u0142ug\u0119 powierzonego nam zlecenia.<\/p>\n\n\n\n<div style=\"height:20px\" aria-hidden=\"true\" class=\"wp-block-spacer\"><\/div>\n\n\n\n<p class=\"has-medium-font-size\">Wykonujemy przegl\u0105dy i konserwacje okresowe, dbamy o cykliczne przeprowadzanie ma\u0142ych i du\u017cych remont\u00f3w, w oparciu o zadeklarowane lub zbadane cykle \u017cycia maszyny. Dokonujemy bie\u017c\u0105cego dostosowania maszyn w celu ich adaptacji do nowych zada\u0144 produkcyjnych. Swoje dzia\u0142ania wspieramy bogatym zapleczem mechanicznym, in\u017cynierskim i logistycznym co sprawia, \u017ce w ramach dzia\u0142a\u0144 kontraktowych mo\u017cemy zaproponowa\u0107 pe\u0142en wachlarz us\u0142ug niezb\u0119dnych Twojemu przedsi\u0119biorstwu. <\/p>\n\n\n\n<div style=\"height:20px\" aria-hidden=\"true\" class=\"wp-block-spacer\"><\/div>\n\n\n\n<p class=\"has-medium-font-size\">Dokonujemy napraw i modernizacji z zakresu automatyki, robotyki, pneumatyki, hydrauliki si\u0142owej, zapewniamy dostarczenie medi\u00f3w oraz legalizacj\u0119 powsta\u0142ych instalacji.<\/p>\n\n\n\n<div style=\"height:20px\" aria-hidden=\"true\" class=\"wp-block-spacer\"><\/div>\n\n\n<div class=\"header-kml\"><span>Jak pracujemy przy utrzymaniu ruchu?<\/span><\/div>\n\n\n<div class=\"gallery-kml\">\r\n\t\t<a id=\"gallery\">&nbsp;<\/a><div class=\"row\"><a href=\"https:\/\/dgkinstal.com.pl\/wp-content\/uploads\/2020\/06\/01-Utrzymanie-ruchu-naprawa-\u0142o\u017cyska-wrzeciona-CNC.jpg\" title=\"01 Utrzymanie ruchu - naprawa \u0142o\u017cyska wrzeciona CNC\" class=\"lightbox-kml\"><div class=\"normal\" style=\"background-image:url('\/wp-content\/themes\/newsite\/timthumb.php?src=https:\/\/dgkinstal.com.pl\/wp-content\/uploads\/2020\/06\/01-Utrzymanie-ruchu-naprawa-\u0142o\u017cyska-wrzeciona-CNC.jpg&h=400&f=2');\"><\/div><div class=\"hovered\" style=\"background-image:url('\/wp-content\/themes\/newsite\/timthumb.php?src=https:\/\/dgkinstal.com.pl\/wp-content\/uploads\/2020\/06\/01-Utrzymanie-ruchu-naprawa-\u0142o\u017cyska-wrzeciona-CNC.jpg&h=400');\"><\/div><\/a><a href=\"https:\/\/dgkinstal.com.pl\/wp-content\/uploads\/2020\/06\/IMG_3495.jpeg\" title=\"04 Utrzymanie ruchu\" class=\"lightbox-kml\"><div class=\"normal\" style=\"background-image:url('\/wp-content\/themes\/newsite\/timthumb.php?src=https:\/\/dgkinstal.com.pl\/wp-content\/uploads\/2020\/06\/IMG_3495.jpeg&h=400&f=2');\"><\/div><div class=\"hovered\" style=\"background-image:url('\/wp-content\/themes\/newsite\/timthumb.php?src=https:\/\/dgkinstal.com.pl\/wp-content\/uploads\/2020\/06\/IMG_3495.jpeg&h=400');\"><\/div><\/a><a href=\"https:\/\/dgkinstal.com.pl\/wp-content\/uploads\/2020\/06\/Utrzymanie-ruchu-naprawa-wycieku-pompy.jpg\" title=\"Utrzymanie ruchu - naprawa wycieku pompy\" class=\"lightbox-kml\"><div class=\"normal\" style=\"background-image:url('\/wp-content\/themes\/newsite\/timthumb.php?src=https:\/\/dgkinstal.com.pl\/wp-content\/uploads\/2020\/06\/Utrzymanie-ruchu-naprawa-wycieku-pompy.jpg&h=400&f=2');\"><\/div><div class=\"hovered\" style=\"background-image:url('\/wp-content\/themes\/newsite\/timthumb.php?src=https:\/\/dgkinstal.com.pl\/wp-content\/uploads\/2020\/06\/Utrzymanie-ruchu-naprawa-wycieku-pompy.jpg&h=400');\"><\/div><\/a><a href=\"https:\/\/dgkinstal.com.pl\/wp-content\/uploads\/2020\/06\/Utrzymanie-ruchu-planowanie-korpusu-wrzeciona.jpg\" title=\"Utrzymanie ruchu - planowanie korpusu wrzeciona\" class=\"lightbox-kml\"><div class=\"normal\" style=\"background-image:url('\/wp-content\/themes\/newsite\/timthumb.php?src=https:\/\/dgkinstal.com.pl\/wp-content\/uploads\/2020\/06\/Utrzymanie-ruchu-planowanie-korpusu-wrzeciona.jpg&h=400&f=2');\"><\/div><div class=\"hovered\" style=\"background-image:url('\/wp-content\/themes\/newsite\/timthumb.php?src=https:\/\/dgkinstal.com.pl\/wp-content\/uploads\/2020\/06\/Utrzymanie-ruchu-planowanie-korpusu-wrzeciona.jpg&h=400');\"><\/div><\/a><\/div><div class=\"row\"><\/div><\/div>\r\n\t\t<div class=\"row\">\r\n\t\t\t<div class=\"col-6 col-md-4 \"><a href=\"https:\/\/dgkinstal.com.pl\/?post_type=page&p=112#gallery\" class=\"button-kml\">Galeria: Modernizacja maszyn przemys\u0142owych<\/a><\/div>\r\n\t\t\t<div class=\"col-6 col-md-4 offset-md-4\"><a href=\"https:\/\/dgkinstal.com.pl\/?post_type=page&p=116#gallery\" class=\"button-kml\">Galeria: Dostosowanie i certyfikacja maszyn (CE)<\/a><\/div>\r\n\t\t<\/div><div class=\"modal fade\" id=\"galleryModal\" tabindex=\"-1\" role=\"dialog\" aria-labelledby=\"exampleModalLabel\" aria-hidden=\"true\">\r\n\t\t<div class=\"modal-dialog  modal-xl modal-dialog-centered\" role=\"document\">\r\n\t\t\t<div class=\"modal-content\">\r\n\t\t\t\t<div class=\"modal-body\" style=\"background-position:center center;background-size:100px;background-repeat:no-repeat;background-image:url('\/wp-content\/themes\/newsite\/images\/loader.gif');\">\r\n\t\t\t\t\t<button type=\"button\" class=\"close\" data-dismiss=\"modal\" aria-label=\"Close\">\r\n\t\t\t\t\t\t<span aria-hidden=\"true\">&times;<\/span>\r\n\t\t\t\t\t<\/button>\r\n\t\t\t\t\t<img class=\"modal-image\" src=\"\" \/>\r\n\t\t\t\t<\/div>\r\n\t\t\t<\/div>\r\n\t\t<\/div>\r\n\t<\/div>\n\n\n\n<div style=\"height:20px\" aria-hidden=\"true\" class=\"wp-block-spacer\"><\/div>\n\n\n\n<pre class=\"wp-block-preformatted\"><strong>TAGI:<\/strong> <em>utrzymanie ruchu, prewencyjne utrzymanie ruchu, IoT, Predykcyjne utrzymanie ruchu, bezawaryjna praca urz\u0105dze\u0144, monitorowanie stanu maszyn, ci\u0105g\u0142o\u015b\u0107 proces\u00f3w produkcyjnych, likwidacja przestoj\u00f3w, outsourcing UR, serwis maszyn, naprawa maszyn, naprawy bie\u017c\u0105ce, planowanie przegl\u0105d\u00f3w, planowanie serwis\u00f3w, ma\u0142y serwis, du\u017cy serwis, certyfikacja maszyn, dostosowanie maszyn.<\/em><\/pre>\n","protected":false},"excerpt":{"rendered":"Nasze dzia\u0142ania zmierzaj\u0105 do zapewnienia Ci poczucia bezpiecze\u0144stwa wzgl\u0119dem urz\u0105dze\u0144 pracuj\u0105cych dla Ciebie. Gwarantujemy nieprzerwan\u0105 produkcj\u0119 oraz nieinwazyjne prace konserwatorsko \u2013 serwisowe, dostosowuj\u0105c si\u0119 przy tym do wszelkich przepis\u00f3w wewn\u0105trzzak\u0142adowych oraz stawianych nam wymaga\u0144. Spektrum dzia\u0142a\u0144 pozwala przy tym zagwarantowa\u0107 kompleksow\u0105 obs\u0142ug\u0119 powierzonego nam zlecenia. Wykonujemy przegl\u0105dy i konserwacje okresowe, dbamy o cykliczne przeprowadzanie ma\u0142ych&#8230; <a class=\"view-article\" href=\"https:\/\/dgkinstal.com.pl\/index.php\/oferowane-uslugi\/serwis-maszyn-przemyslowych-utrzymanie-ruchu\/\">View Article<\/a>","protected":false},"author":1,"featured_media":199,"parent":201,"menu_order":0,"comment_status":"closed","ping_status":"closed","template":"","meta":[],"_links":{"self":[{"href":"https:\/\/dgkinstal.com.pl\/index.php\/wp-json\/wp\/v2\/pages\/114"}],"collection":[{"href":"https:\/\/dgkinstal.com.pl\/index.php\/wp-json\/wp\/v2\/pages"}],"about":[{"href":"https:\/\/dgkinstal.com.pl\/index.php\/wp-json\/wp\/v2\/types\/page"}],"author":[{"embeddable":true,"href":"https:\/\/dgkinstal.com.pl\/index.php\/wp-json\/wp\/v2\/users\/1"}],"replies":[{"embeddable":true,"href":"https:\/\/dgkinstal.com.pl\/index.php\/wp-json\/wp\/v2\/comments?post=114"}],"version-history":[{"count":13,"href":"https:\/\/dgkinstal.com.pl\/index.php\/wp-json\/wp\/v2\/pages\/114\/revisions"}],"predecessor-version":[{"id":764,"href":"https:\/\/dgkinstal.com.pl\/index.php\/wp-json\/wp\/v2\/pages\/114\/revisions\/764"}],"up":[{"embeddable":true,"href":"https:\/\/dgkinstal.com.pl\/index.php\/wp-json\/wp\/v2\/pages\/201"}],"wp:featuredmedia":[{"embeddable":true,"href":"https:\/\/dgkinstal.com.pl\/index.php\/wp-json\/wp\/v2\/media\/199"}],"wp:attachment":[{"href":"https:\/\/dgkinstal.com.pl\/index.php\/wp-json\/wp\/v2\/media?parent=114"}],"curies":[{"name":"wp","href":"https:\/\/api.w.org\/{rel}","templated":true}]}}